{"id":1171,"date":"2019-04-30T15:18:09","date_gmt":"2019-04-30T13:18:09","guid":{"rendered":"https:\/\/infofestibiere.com\/sherbrooke\/?page_id=1171"},"modified":"2026-04-23T16:11:37","modified_gmt":"2026-04-23T20:11:37","slug":"cuisine-de-rue","status":"publish","type":"page","link":"https:\/\/infofestibiere.com\/sherbrooke\/cuisine-de-rue\/","title":{"rendered":"Cuisine de rue"},"content":{"rendered":"<div class=\"wpb-content-wrapper\"><p>[vc_row css=\u00a0\u00bb.vc_custom_1526580245042{padding-top: 40px !important;}\u00a0\u00bb][vc_column][vc_empty_space height=\u00a0\u00bb20px\u00a0\u00bb][vc_custom_heading text=\u00a0\u00bb<b>CUISINE DE RUE<\/b>\u00a0\u00bb font_container=\u00a0\u00bbtag:h1|font_size:30|text_align:center|color:%235e9900&Prime; use_theme_fonts=\u00a0\u00bbyes\u00a0\u00bb][vc_custom_heading text=\u00a0\u00bb<b>Le duo parfait: Une bonne bouffe &amp; un verre \u00e0 la main!<\/b>\u00a0\u00bb font_container=\u00a0\u00bbtag:h2|font_size:16|text_align:center\u00a0\u00bb use_theme_fonts=\u00a0\u00bbyes\u00a0\u00bb][vc_column_text]<\/p>\n<p style=\"text-align: center;\">D\u00e9couvre la s\u00e9lection de <strong>foodtrucks<\/strong> et de <strong>restaurateurs<\/strong> tous plus gourmands les uns que les autres!<\/p>\n<p>[\/vc_column_text][\/vc_column][\/vc_row][vc_row css=\u00a0\u00bb.vc_custom_1683069766137{padding-top: 25px !important;}\u00a0\u00bb][vc_column][vc_separator color=\u00a0\u00bbcustom\u00a0\u00bb css=\u00a0\u00bb.vc_custom_1712149392127{padding-bottom: 10px !important;}\u00a0\u00bb accent_color=\u00a0\u00bb#57bd63&Prime;][vc_column_text]<\/p>\n<p style=\"text-align: center;\">\ud83c\udf43 Options v\u00e9g\u00e9tariennes ou v\u00e9ganes \/\/ \ud83c\udf3e Options sans gluten<\/p>\n<p style=\"text-align: center;\"><em>Clique sur le nom du restaurateur pour conna\u00eetre le menu!<\/em><\/p>\n<p>[\/vc_column_text][vc_empty_space height=\u00a0\u00bb15px\u00a0\u00bb][\/vc_column][\/vc_row][vc_row][vc_column width=\u00a0\u00bb1\/3&Prime; css=\u00a0\u00bb.vc_custom_1683082214806{padding-top: 10px !important;}\u00a0\u00bb][vc_tta_accordion style=\u00a0\u00bboutline\u00a0\u00bb color=\u00a0\u00bbgreen\u00a0\u00bb c_align=\u00a0\u00bbcenter\u00a0\u00bb c_icon=\u00a0\u00bb\u00a0\u00bb active_section=\u00a0\u00bb11&Prime; collapsible_all=\u00a0\u00bbtrue\u00a0\u00bb][vc_tta_section title=\u00a0\u00bb<b>LE CANARD \u00c9CHEVEL\u00c9<\/b> \ud83c\udf43\u00a0\u00bb tab_id=\u00a0\u00bb1683070513166-360ea975-0549&Prime;][vc_column_text css=\u00a0\u00bb\u00a0\u00bb]Menu \u00e0 venir[\/vc_column_text][\/vc_tta_section][\/vc_tta_accordion][vc_tta_accordion style=\u00a0\u00bboutline\u00a0\u00bb color=\u00a0\u00bbgreen\u00a0\u00bb c_align=\u00a0\u00bbcenter\u00a0\u00bb c_icon=\u00a0\u00bb\u00a0\u00bb active_section=\u00a0\u00bb56&Prime; collapsible_all=\u00a0\u00bbtrue\u00a0\u00bb][vc_tta_section title=\u00a0\u00bb<b>OH MON KOGO<\/b> \ud83c\udf43\ud83c\udf3e\u00a0\u00bb tab_id=\u00a0\u00bb1683081720053-b23cf967-10e7&Prime;][vc_column_text css=\u00a0\u00bb\u00a0\u00bb]<\/p>\n<p>Kogo \u00e0 saveur de:<\/p>\n<ul>\n<li>Mozza saucisse<\/li>\n<li>Patate<\/li>\n<li>Ramen<\/li>\n<li>Mozza<\/li>\n<li>Chorizo<\/li>\n<li>Tomates et Basilic<\/li>\n<\/ul>\n<p>[\/vc_column_text][\/vc_tta_section][\/vc_tta_accordion][vc_tta_accordion style=\u00a0\u00bboutline\u00a0\u00bb color=\u00a0\u00bbgreen\u00a0\u00bb c_align=\u00a0\u00bbcenter\u00a0\u00bb c_icon=\u00a0\u00bb\u00a0\u00bb active_section=\u00a0\u00bb52&Prime; collapsible_all=\u00a0\u00bbtrue\u00a0\u00bb][vc_tta_section title=\u00a0\u00bb<b>FROMAGERIE VICTORIA<\/b>\u00a0\u00bb tab_id=\u00a0\u00bb1683082070648-283877d6-115f\u00a0\u00bb][vc_column_text css=\u00a0\u00bb\u00a0\u00bb]<\/p>\n<ul>\n<li>Rondelle d&rsquo;oignon<\/li>\n<li>Poulet pop corn<\/li>\n<li>P&rsquo;tit pop<\/li>\n<li>Hot dog<\/li>\n<li>Pogo<\/li>\n<li>Poutine (r\u00e9guli\u00e8re, poulet pop-corn, carnivore, p&rsquo;tit-pop, saucisses)<\/li>\n<\/ul>\n<p>[\/vc_column_text][\/vc_tta_section][\/vc_tta_accordion][\/vc_column][vc_column width=\u00a0\u00bb1\/3&Prime; css=\u00a0\u00bb.vc_custom_1683082219435{padding-top: 10px !important;}\u00a0\u00bb][vc_tta_accordion style=\u00a0\u00bboutline\u00a0\u00bb color=\u00a0\u00bbgreen\u00a0\u00bb c_align=\u00a0\u00bbcenter\u00a0\u00bb c_icon=\u00a0\u00bb\u00a0\u00bb active_section=\u00a0\u00bb52&Prime; collapsible_all=\u00a0\u00bbtrue\u00a0\u00bb][vc_tta_section title=\u00a0\u00bb<b>CHUMRROS<\/b>\u00a0\u00bb tab_id=\u00a0\u00bb1745350619429-266602fa-da5f\u00a0\u00bb][vc_column_text]<\/p>\n<ul>\n<li>Churros<\/li>\n<\/ul>\n<p>[\/vc_column_text][\/vc_tta_section][\/vc_tta_accordion][vc_tta_accordion style=\u00a0\u00bboutline\u00a0\u00bb color=\u00a0\u00bbgreen\u00a0\u00bb c_align=\u00a0\u00bbcenter\u00a0\u00bb c_icon=\u00a0\u00bb\u00a0\u00bb active_section=\u00a0\u00bb52&Prime; collapsible_all=\u00a0\u00bbtrue\u00a0\u00bb][vc_tta_section title=\u00a0\u00bb<b>LA SHOP &#8211; CUISINE DE RUE<\/b> \ud83c\udf43\ud83c\udf3e\u00a0\u00bb tab_id=\u00a0\u00bb1683082046528-5588da3a-6b9d\u00a0\u00bb][vc_column_text css=\u00a0\u00bb\u00a0\u00bb]<\/p>\n<ul>\n<li>Nachos<\/li>\n<li>Shish<\/li>\n<li>Salade Shish<\/li>\n<li>Bol La Shop<\/li>\n<\/ul>\n<p>[\/vc_column_text][\/vc_tta_section][\/vc_tta_accordion][vc_tta_accordion style=\u00a0\u00bboutline\u00a0\u00bb color=\u00a0\u00bbgreen\u00a0\u00bb c_align=\u00a0\u00bbcenter\u00a0\u00bb c_icon=\u00a0\u00bb\u00a0\u00bb active_section=\u00a0\u00bb53&Prime; collapsible_all=\u00a0\u00bbtrue\u00a0\u00bb][vc_tta_section title=\u00a0\u00bb<b>SHAKER<\/b> \ud83c\udf43\u00a0\u00bb tab_id=\u00a0\u00bb1683081742386-eec05741-405b\u00a0\u00bb][vc_column_text css=\u00a0\u00bb\u00a0\u00bb]<\/p>\n<ul>\n<li>Poke bowl saumon ch\u00e8vre \u00e9rable<\/li>\n<li>Poke bowl boeuf steakhouse<\/li>\n<li>Burger boss (avec boeuf sterling)<\/li>\n<li>Burger poulet croustillant<\/li>\n<\/ul>\n<p>[\/vc_column_text][\/vc_tta_section][\/vc_tta_accordion][\/vc_column][vc_column width=\u00a0\u00bb1\/3&Prime; css=\u00a0\u00bb.vc_custom_1683082224234{padding-top: 10px !important;}\u00a0\u00bb][vc_tta_accordion style=\u00a0\u00bboutline\u00a0\u00bb color=\u00a0\u00bbgreen\u00a0\u00bb c_align=\u00a0\u00bbcenter\u00a0\u00bb c_icon=\u00a0\u00bb\u00a0\u00bb active_section=\u00a0\u00bb54&Prime; collapsible_all=\u00a0\u00bbtrue\u00a0\u00bb][vc_tta_section title=\u00a0\u00bb<b>POR FAVOR CHICAS<\/b> \ud83c\udf43 \ud83c\udf3e\u00a0\u00bb tab_id=\u00a0\u00bb1683082020703-b7deb1ff-311c\u00a0\u00bb][vc_column_text css=\u00a0\u00bb\u00a0\u00bb]<\/p>\n<ul>\n<li>\n<div data-olk-copy-source=\"MessageBody\">Guacamole et chips<\/div>\n<\/li>\n<li>\n<div data-olk-copy-source=\"MessageBody\">Boulette de ma\u00efs et fromage \ud83c\udf43<\/div>\n<\/li>\n<li>\n<div data-olk-copy-source=\"MessageBody\">Chou-Fleurs, mayo \u00e9pic\u00e9e \ud83c\udf43<\/div>\n<\/li>\n<li>\n<div data-olk-copy-source=\"MessageBody\">Tacos<\/div>\n<\/li>\n<li data-olk-copy-source=\"MessageBody\">Quesadillas : fromage fondue \ud83c\udf43<\/li>\n<li data-olk-copy-source=\"MessageBody\">Nachos: chips, sauce au fromage maison, laitue, cr\u00e8me s\u00fbre, guacamole et pico de gallo<\/li>\n<\/ul>\n<p>\ud83c\udf3e Options sans gluten \u00e0 valider avec l&rsquo;exposant directement sur place.[\/vc_column_text][\/vc_tta_section][\/vc_tta_accordion][vc_tta_accordion style=\u00a0\u00bboutline\u00a0\u00bb color=\u00a0\u00bbgreen\u00a0\u00bb c_align=\u00a0\u00bbcenter\u00a0\u00bb c_icon=\u00a0\u00bb\u00a0\u00bb active_section=\u00a0\u00bb52&Prime; collapsible_all=\u00a0\u00bbtrue\u00a0\u00bb][vc_tta_section title=\u00a0\u00bb<b>QUEUES DE CASTOR<\/b> \ud83c\udf43\u00a0\u00bb tab_id=\u00a0\u00bb1683121391720-a1b70f26-c07a\u00a0\u00bb][vc_column_text]<\/p>\n<ul>\n<li>Queues de castor<\/li>\n<\/ul>\n<p>\ud83c\udf43 Options v\u00e9g\u00e9tariennes &amp; v\u00e9ganes[\/vc_column_text][\/vc_tta_section][\/vc_tta_accordion][\/vc_column][\/vc_row][vc_row css=\u00a0\u00bb.vc_custom_1651075213751{padding-top: 40px !important;}\u00a0\u00bb][vc_column width=\u00a0\u00bb1\/3&Prime; css=\u00a0\u00bb.vc_custom_1651110277664{padding-top: 10px !important;}\u00a0\u00bb][vc_single_image image=\u00a0\u00bb3750&Prime; img_size=\u00a0\u00bb300&#215;300&Prime; alignment=\u00a0\u00bbcenter\u00a0\u00bb][\/vc_column][vc_column width=\u00a0\u00bb1\/3&Prime; css=\u00a0\u00bb.vc_custom_1651110293972{padding-top: 10px !important;}\u00a0\u00bb][vc_single_image image=\u00a0\u00bb3680&Prime; img_size=\u00a0\u00bb300&#215;300&Prime; alignment=\u00a0\u00bbcenter\u00a0\u00bb][\/vc_column][vc_column width=\u00a0\u00bb1\/3&Prime; css=\u00a0\u00bb.vc_custom_1651110285889{padding-top: 10px !important;}\u00a0\u00bb][vc_single_image image=\u00a0\u00bb3752&Prime; img_size=\u00a0\u00bb300&#215;300&Prime; alignment=\u00a0\u00bbcenter\u00a0\u00bb][\/vc_column][\/vc_row][vc_row css=\u00a0\u00bb.vc_custom_1651075213751{padding-top: 40px !important;}\u00a0\u00bb][vc_column][vc_separator color=\u00a0\u00bbcustom\u00a0\u00bb accent_color=\u00a0\u00bb#57bd63&Prime;][vc_column_text]<\/p>\n<p style=\"text-align: center;\">*Sujet \u00e0 changement sans pr\u00e9avis*<\/p>\n<p>[\/vc_column_text][\/vc_column][\/vc_row][vc_row css=\u00a0\u00bb.vc_custom_1651075190718{padding-top: 40px !important;}\u00a0\u00bb][vc_column width=\u00a0\u00bb1\/3&Prime;][vc_btn title=\u00a0\u00bbMicrobrasseries\u00a0\u00bb color=\u00a0\u00bbsuccess\u00a0\u00bb align=\u00a0\u00bbcenter\u00a0\u00bb link=\u00a0\u00bburl:https%3A%2F%2Finfofestibiere.com%2Fsherbrooke%2Fmicrobrasseries%2F|title:Microbrasseries||\u00a0\u00bb][vc_empty_space][\/vc_column][vc_column width=\u00a0\u00bb1\/3&Prime;][vc_btn title=\u00a0\u00bbAlternatives &amp; sans alcool\u00a0\u00bb color=\u00a0\u00bbsuccess\u00a0\u00bb align=\u00a0\u00bbcenter\u00a0\u00bb link=\u00a0\u00bburl:https%3A%2F%2Finfofestibiere.com%2Fsherbrooke%2Fboissons-alternatives%2F|||\u00a0\u00bb][vc_empty_space][\/vc_column][vc_column width=\u00a0\u00bb1\/3&Prime;][vc_btn title=\u00a0\u00bbBilletterie\u00a0\u00bb color=\u00a0\u00bbsuccess\u00a0\u00bb align=\u00a0\u00bbcenter\u00a0\u00bb link=\u00a0\u00bburl:https%3A%2F%2Finfofestibiere.com%2Fbilletterie%2F||target:%20_blank|\u00a0\u00bb][vc_empty_space][\/vc_column][\/vc_row]<\/p>\n<\/div>","protected":false},"excerpt":{"rendered":"<p>[vc_row css=\u00a0\u00bb.vc_custom_1526580245042{padding-top: 40px !important;}\u00a0\u00bb][vc_column][vc_empty_space height=\u00a0\u00bb20px\u00a0\u00bb][vc_custom_heading text=\u00a0\u00bbCUISINE DE RUE\u00a0\u00bb font_container=\u00a0\u00bbtag:h1|font_size:30|text_align:center|color:%235e9900&Prime; use_theme_fonts=\u00a0\u00bbyes\u00a0\u00bb][vc_custom_heading text=\u00a0\u00bbLe duo parfait: Une bonne bouffe &amp; un verre \u00e0 la main!\u00a0\u00bb font_container=\u00a0\u00bbtag:h2|font_size:16|text_align:center\u00a0\u00bb use_theme_fonts=\u00a0\u00bbyes\u00a0\u00bb][vc_column_text] D\u00e9couvre la s\u00e9lection de foodtrucks et de restaurateurs tous plus gourmands les uns que les autres! [\/vc_column_text][\/vc_column][\/vc_row][vc_row css=\u00a0\u00bb.vc_custom_1683069766137{padding-top: 25px !important;}\u00a0\u00bb][vc_column][vc_separator color=\u00a0\u00bbcustom\u00a0\u00bb css=\u00a0\u00bb.vc_custom_1712149392127{padding-bottom: 10px !important;}\u00a0\u00bb accent_color=\u00a0\u00bb#57bd63&Prime;][vc_column_text] \ud83c\udf43 Options v\u00e9g\u00e9tariennes ou v\u00e9ganes \/\/ [&hellip;]<\/p>\n","protected":false},"author":2,"featured_media":2560,"parent":0,"menu_order":0,"comment_status":"closed","ping_status":"closed","template":"","meta":{"footnotes":""},"class_list":["post-1171","page","type-page","status-publish","has-post-thumbnail","hentry"],"yoast_head":"<!-- This site is optimized with the Yoast SEO plugin v27.2 - https:\/\/yoast.com\/product\/yoast-seo-wordpress\/ -->\n<title>Cuisine de rue - Festibi\u00e8re de Sherbrooke<\/title>\n<meta name=\"description\" content=\"De la bonne bouffe pour accompagner ta bonne bi\u00e8re. D\u00e9couvre plusieurs foodtrucks &amp; restaurateurs sur place!\" \/>\n<meta name=\"robots\" content=\"index, follow, max-snippet:-1, max-image-preview:large, max-video-preview:-1\" \/>\n<link rel=\"canonical\" href=\"https:\/\/infofestibiere.com\/sherbrooke\/cuisine-de-rue\/\" \/>\n<meta property=\"og:locale\" content=\"fr_FR\" \/>\n<meta property=\"og:type\" content=\"article\" \/>\n<meta property=\"og:title\" content=\"Cuisine de rue - Festibi\u00e8re de Sherbrooke\" \/>\n<meta property=\"og:description\" content=\"De la bonne bouffe pour accompagner ta bonne bi\u00e8re. D\u00e9couvre plusieurs foodtrucks &amp; restaurateurs sur place!\" \/>\n<meta property=\"og:url\" content=\"https:\/\/infofestibiere.com\/sherbrooke\/cuisine-de-rue\/\" \/>\n<meta property=\"og:site_name\" content=\"de Sherbrooke\" \/>\n<meta property=\"article:modified_time\" content=\"2026-04-23T20:11:37+00:00\" \/>\n<meta property=\"og:image\" content=\"https:\/\/infofestibiere.com\/sherbrooke\/wp-content\/uploads\/sites\/6\/2023\/04\/Copie-de-HD_FESTIBIERE_20220529_PHOTO_SIMONRANCOURT_028.jpg\" \/>\n\t<meta property=\"og:image:width\" content=\"1063\" \/>\n\t<meta property=\"og:image:height\" content=\"709\" \/>\n\t<meta property=\"og:image:type\" content=\"image\/jpeg\" \/>\n<meta name=\"twitter:card\" content=\"summary_large_image\" \/>\n<meta name=\"twitter:label1\" content=\"Dur\u00e9e de lecture estim\u00e9e\" \/>\n\t<meta name=\"twitter:data1\" content=\"3 minutes\" \/>\n<script type=\"application\/ld+json\" class=\"yoast-schema-graph\">{\"@context\":\"https:\/\/schema.org\",\"@graph\":[{\"@type\":\"WebPage\",\"@id\":\"https:\/\/infofestibiere.com\/sherbrooke\/cuisine-de-rue\/\",\"url\":\"https:\/\/infofestibiere.com\/sherbrooke\/cuisine-de-rue\/\",\"name\":\"Cuisine de rue - Festibi\u00e8re de Sherbrooke\",\"isPartOf\":{\"@id\":\"https:\/\/infofestibiere.com\/sherbrooke\/#website\"},\"primaryImageOfPage\":{\"@id\":\"https:\/\/infofestibiere.com\/sherbrooke\/cuisine-de-rue\/#primaryimage\"},\"image\":{\"@id\":\"https:\/\/infofestibiere.com\/sherbrooke\/cuisine-de-rue\/#primaryimage\"},\"thumbnailUrl\":\"https:\/\/infofestibiere.com\/sherbrooke\/wp-content\/uploads\/sites\/6\/2023\/04\/Copie-de-HD_FESTIBIERE_20220529_PHOTO_SIMONRANCOURT_028.jpg\",\"datePublished\":\"2019-04-30T13:18:09+00:00\",\"dateModified\":\"2026-04-23T20:11:37+00:00\",\"description\":\"De la bonne bouffe pour accompagner ta bonne bi\u00e8re. D\u00e9couvre plusieurs foodtrucks & restaurateurs sur place!\",\"breadcrumb\":{\"@id\":\"https:\/\/infofestibiere.com\/sherbrooke\/cuisine-de-rue\/#breadcrumb\"},\"inLanguage\":\"fr-FR\",\"potentialAction\":[{\"@type\":\"ReadAction\",\"target\":[\"https:\/\/infofestibiere.com\/sherbrooke\/cuisine-de-rue\/\"]}]},{\"@type\":\"ImageObject\",\"inLanguage\":\"fr-FR\",\"@id\":\"https:\/\/infofestibiere.com\/sherbrooke\/cuisine-de-rue\/#primaryimage\",\"url\":\"https:\/\/infofestibiere.com\/sherbrooke\/wp-content\/uploads\/sites\/6\/2023\/04\/Copie-de-HD_FESTIBIERE_20220529_PHOTO_SIMONRANCOURT_028.jpg\",\"contentUrl\":\"https:\/\/infofestibiere.com\/sherbrooke\/wp-content\/uploads\/sites\/6\/2023\/04\/Copie-de-HD_FESTIBIERE_20220529_PHOTO_SIMONRANCOURT_028.jpg\",\"width\":1063,\"height\":709},{\"@type\":\"BreadcrumbList\",\"@id\":\"https:\/\/infofestibiere.com\/sherbrooke\/cuisine-de-rue\/#breadcrumb\",\"itemListElement\":[{\"@type\":\"ListItem\",\"position\":1,\"name\":\"Accueil\",\"item\":\"https:\/\/infofestibiere.com\/sherbrooke\/\"},{\"@type\":\"ListItem\",\"position\":2,\"name\":\"Cuisine de rue\"}]},{\"@type\":\"WebSite\",\"@id\":\"https:\/\/infofestibiere.com\/sherbrooke\/#website\",\"url\":\"https:\/\/infofestibiere.com\/sherbrooke\/\",\"name\":\"de Sherbrooke\",\"description\":\"Soif de nature!\",\"potentialAction\":[{\"@type\":\"SearchAction\",\"target\":{\"@type\":\"EntryPoint\",\"urlTemplate\":\"https:\/\/infofestibiere.com\/sherbrooke\/?s={search_term_string}\"},\"query-input\":{\"@type\":\"PropertyValueSpecification\",\"valueRequired\":true,\"valueName\":\"search_term_string\"}}],\"inLanguage\":\"fr-FR\"}]}<\/script>\n<!-- \/ Yoast SEO plugin. -->","yoast_head_json":{"title":"Cuisine de rue - Festibi\u00e8re de Sherbrooke","description":"De la bonne bouffe pour accompagner ta bonne bi\u00e8re. D\u00e9couvre plusieurs foodtrucks & restaurateurs sur place!","robots":{"index":"index","follow":"follow","max-snippet":"max-snippet:-1","max-image-preview":"max-image-preview:large","max-video-preview":"max-video-preview:-1"},"canonical":"https:\/\/infofestibiere.com\/sherbrooke\/cuisine-de-rue\/","og_locale":"fr_FR","og_type":"article","og_title":"Cuisine de rue - Festibi\u00e8re de Sherbrooke","og_description":"De la bonne bouffe pour accompagner ta bonne bi\u00e8re. D\u00e9couvre plusieurs foodtrucks & restaurateurs sur place!","og_url":"https:\/\/infofestibiere.com\/sherbrooke\/cuisine-de-rue\/","og_site_name":"de Sherbrooke","article_modified_time":"2026-04-23T20:11:37+00:00","og_image":[{"width":1063,"height":709,"url":"https:\/\/infofestibiere.com\/sherbrooke\/wp-content\/uploads\/sites\/6\/2023\/04\/Copie-de-HD_FESTIBIERE_20220529_PHOTO_SIMONRANCOURT_028.jpg","type":"image\/jpeg"}],"twitter_card":"summary_large_image","twitter_misc":{"Dur\u00e9e de lecture estim\u00e9e":"3 minutes"},"schema":{"@context":"https:\/\/schema.org","@graph":[{"@type":"WebPage","@id":"https:\/\/infofestibiere.com\/sherbrooke\/cuisine-de-rue\/","url":"https:\/\/infofestibiere.com\/sherbrooke\/cuisine-de-rue\/","name":"Cuisine de rue - Festibi\u00e8re de Sherbrooke","isPartOf":{"@id":"https:\/\/infofestibiere.com\/sherbrooke\/#website"},"primaryImageOfPage":{"@id":"https:\/\/infofestibiere.com\/sherbrooke\/cuisine-de-rue\/#primaryimage"},"image":{"@id":"https:\/\/infofestibiere.com\/sherbrooke\/cuisine-de-rue\/#primaryimage"},"thumbnailUrl":"https:\/\/infofestibiere.com\/sherbrooke\/wp-content\/uploads\/sites\/6\/2023\/04\/Copie-de-HD_FESTIBIERE_20220529_PHOTO_SIMONRANCOURT_028.jpg","datePublished":"2019-04-30T13:18:09+00:00","dateModified":"2026-04-23T20:11:37+00:00","description":"De la bonne bouffe pour accompagner ta bonne bi\u00e8re. D\u00e9couvre plusieurs foodtrucks & restaurateurs sur place!","breadcrumb":{"@id":"https:\/\/infofestibiere.com\/sherbrooke\/cuisine-de-rue\/#breadcrumb"},"inLanguage":"fr-FR","potentialAction":[{"@type":"ReadAction","target":["https:\/\/infofestibiere.com\/sherbrooke\/cuisine-de-rue\/"]}]},{"@type":"ImageObject","inLanguage":"fr-FR","@id":"https:\/\/infofestibiere.com\/sherbrooke\/cuisine-de-rue\/#primaryimage","url":"https:\/\/infofestibiere.com\/sherbrooke\/wp-content\/uploads\/sites\/6\/2023\/04\/Copie-de-HD_FESTIBIERE_20220529_PHOTO_SIMONRANCOURT_028.jpg","contentUrl":"https:\/\/infofestibiere.com\/sherbrooke\/wp-content\/uploads\/sites\/6\/2023\/04\/Copie-de-HD_FESTIBIERE_20220529_PHOTO_SIMONRANCOURT_028.jpg","width":1063,"height":709},{"@type":"BreadcrumbList","@id":"https:\/\/infofestibiere.com\/sherbrooke\/cuisine-de-rue\/#breadcrumb","itemListElement":[{"@type":"ListItem","position":1,"name":"Accueil","item":"https:\/\/infofestibiere.com\/sherbrooke\/"},{"@type":"ListItem","position":2,"name":"Cuisine de rue"}]},{"@type":"WebSite","@id":"https:\/\/infofestibiere.com\/sherbrooke\/#website","url":"https:\/\/infofestibiere.com\/sherbrooke\/","name":"de Sherbrooke","description":"Soif de nature!","potentialAction":[{"@type":"SearchAction","target":{"@type":"EntryPoint","urlTemplate":"https:\/\/infofestibiere.com\/sherbrooke\/?s={search_term_string}"},"query-input":{"@type":"PropertyValueSpecification","valueRequired":true,"valueName":"search_term_string"}}],"inLanguage":"fr-FR"}]}},"_links":{"self":[{"href":"https:\/\/infofestibiere.com\/sherbrooke\/wp-json\/wp\/v2\/pages\/1171","targetHints":{"allow":["GET"]}}],"collection":[{"href":"https:\/\/infofestibiere.com\/sherbrooke\/wp-json\/wp\/v2\/pages"}],"about":[{"href":"https:\/\/infofestibiere.com\/sherbrooke\/wp-json\/wp\/v2\/types\/page"}],"author":[{"embeddable":true,"href":"https:\/\/infofestibiere.com\/sherbrooke\/wp-json\/wp\/v2\/users\/2"}],"replies":[{"embeddable":true,"href":"https:\/\/infofestibiere.com\/sherbrooke\/wp-json\/wp\/v2\/comments?post=1171"}],"version-history":[{"count":72,"href":"https:\/\/infofestibiere.com\/sherbrooke\/wp-json\/wp\/v2\/pages\/1171\/revisions"}],"predecessor-version":[{"id":4427,"href":"https:\/\/infofestibiere.com\/sherbrooke\/wp-json\/wp\/v2\/pages\/1171\/revisions\/4427"}],"wp:featuredmedia":[{"embeddable":true,"href":"https:\/\/infofestibiere.com\/sherbrooke\/wp-json\/wp\/v2\/media\/2560"}],"wp:attachment":[{"href":"https:\/\/infofestibiere.com\/sherbrooke\/wp-json\/wp\/v2\/media?parent=1171"}],"curies":[{"name":"wp","href":"https:\/\/api.w.org\/{rel}","templated":true}]}}