{"id":5148,"date":"2025-02-11T19:42:13","date_gmt":"2025-02-11T18:42:13","guid":{"rendered":"https:\/\/infofestibiere.com\/quebec\/wp-content\/uploads\/sites\/2\/2025\/02\/Festibiere-exposant-FB25-3.png"},"modified":"2025-02-11T19:42:29","modified_gmt":"2025-02-11T18:42:29","slug":"festibiere-exposant-fb25-3","status":"inherit","type":"attachment","link":"https:\/\/infofestibiere.com\/quebec\/festival-de-bieres-quebec\/festibiere-exposant-fb25-3\/","title":{"rendered":"FBQ+ &#8211; bouffe"},"author":2,"featured_media":0,"comment_status":"open","ping_status":"closed","template":"","meta":[],"class_list":["post-5148","attachment","type-attachment","status-inherit","hentry"],"yoast_head":"<!-- This site is optimized with the Yoast SEO plugin v27.2 - https:\/\/yoast.com\/product\/yoast-seo-wordpress\/ -->\n<title>FBQ+ - bouffe - de Qu\u00e9bec<\/title>\n<meta name=\"robots\" content=\"index, follow, max-snippet:-1, max-image-preview:large, max-video-preview:-1\" \/>\n<link rel=\"canonical\" href=\"https:\/\/infofestibiere.com\/quebec\/wp-content\/uploads\/sites\/2\/2025\/02\/Festibiere-exposant-FB25-3.png\" \/>\n<meta property=\"og:locale\" content=\"fr_FR\" \/>\n<meta property=\"og:type\" content=\"article\" \/>\n<meta property=\"og:title\" content=\"FBQ+ - bouffe - de Qu\u00e9bec\" \/>\n<meta property=\"og:url\" content=\"https:\/\/infofestibiere.com\/quebec\/wp-content\/uploads\/sites\/2\/2025\/02\/Festibiere-exposant-FB25-3.png\" \/>\n<meta property=\"og:site_name\" content=\"de Qu\u00e9bec\" \/>\n<meta property=\"article:modified_time\" content=\"2025-02-11T18:42:29+00:00\" \/>\n<meta property=\"og:image\" content=\"https:\/\/infofestibiere.com\/quebec\/wp-content\/uploads\/sites\/2\/2025\/02\/Festibiere-exposant-FB25-3.png\" \/>\n\t<meta property=\"og:image:width\" content=\"800\" \/>\n\t<meta property=\"og:image:height\" content=\"480\" \/>\n\t<meta property=\"og:image:type\" content=\"image\/png\" \/>\n<meta name=\"twitter:card\" content=\"summary_large_image\" \/>\n<script type=\"application\/ld+json\" class=\"yoast-schema-graph\">{\"@context\":\"https:\/\/schema.org\",\"@graph\":[{\"@type\":\"WebPage\",\"@id\":\"https:\/\/infofestibiere.com\/quebec\/wp-content\/uploads\/sites\/2\/2025\/02\/Festibiere-exposant-FB25-3.png\",\"url\":\"https:\/\/infofestibiere.com\/quebec\/wp-content\/uploads\/sites\/2\/2025\/02\/Festibiere-exposant-FB25-3.png\",\"name\":\"FBQ+ - bouffe - de Qu\u00e9bec\",\"isPartOf\":{\"@id\":\"https:\/\/infofestibiere.com\/quebec\/#website\"},\"datePublished\":\"2025-02-11T18:42:13+00:00\",\"dateModified\":\"2025-02-11T18:42:29+00:00\",\"breadcrumb\":{\"@id\":\"https:\/\/infofestibiere.com\/quebec\/wp-content\/uploads\/sites\/2\/2025\/02\/Festibiere-exposant-FB25-3.png#breadcrumb\"},\"inLanguage\":\"fr-FR\",\"potentialAction\":[{\"@type\":\"ReadAction\",\"target\":[\"https:\/\/infofestibiere.com\/quebec\/wp-content\/uploads\/sites\/2\/2025\/02\/Festibiere-exposant-FB25-3.png\"]}]},{\"@type\":\"BreadcrumbList\",\"@id\":\"https:\/\/infofestibiere.com\/quebec\/wp-content\/uploads\/sites\/2\/2025\/02\/Festibiere-exposant-FB25-3.png#breadcrumb\",\"itemListElement\":[{\"@type\":\"ListItem\",\"position\":1,\"name\":\"Accueil\",\"item\":\"https:\/\/infofestibiere.com\/quebec\/\"},{\"@type\":\"ListItem\",\"position\":2,\"name\":\"ACCUEIL\",\"item\":\"https:\/\/infofestibiere.com\/quebec\/\"},{\"@type\":\"ListItem\",\"position\":3,\"name\":\"FBQ+ &#8211; bouffe\"}]},{\"@type\":\"WebSite\",\"@id\":\"https:\/\/infofestibiere.com\/quebec\/#website\",\"url\":\"https:\/\/infofestibiere.com\/quebec\/\",\"name\":\"de Qu\u00e9bec\",\"description\":\"Go\u00fbter l&#039;\u00e9t\u00e9!\",\"potentialAction\":[{\"@type\":\"SearchAction\",\"target\":{\"@type\":\"EntryPoint\",\"urlTemplate\":\"https:\/\/infofestibiere.com\/quebec\/?s={search_term_string}\"},\"query-input\":{\"@type\":\"PropertyValueSpecification\",\"valueRequired\":true,\"valueName\":\"search_term_string\"}}],\"inLanguage\":\"fr-FR\"}]}<\/script>\n<!-- \/ Yoast SEO plugin. -->","yoast_head_json":{"title":"FBQ+ - bouffe - de Qu\u00e9bec","robots":{"index":"index","follow":"follow","max-snippet":"max-snippet:-1","max-image-preview":"max-image-preview:large","max-video-preview":"max-video-preview:-1"},"canonical":"https:\/\/infofestibiere.com\/quebec\/wp-content\/uploads\/sites\/2\/2025\/02\/Festibiere-exposant-FB25-3.png","og_locale":"fr_FR","og_type":"article","og_title":"FBQ+ - bouffe - de Qu\u00e9bec","og_url":"https:\/\/infofestibiere.com\/quebec\/wp-content\/uploads\/sites\/2\/2025\/02\/Festibiere-exposant-FB25-3.png","og_site_name":"de Qu\u00e9bec","article_modified_time":"2025-02-11T18:42:29+00:00","og_image":[{"width":800,"height":480,"url":"https:\/\/infofestibiere.com\/quebec\/wp-content\/uploads\/sites\/2\/2025\/02\/Festibiere-exposant-FB25-3.png","type":"image\/png"}],"twitter_card":"summary_large_image","schema":{"@context":"https:\/\/schema.org","@graph":[{"@type":"WebPage","@id":"https:\/\/infofestibiere.com\/quebec\/wp-content\/uploads\/sites\/2\/2025\/02\/Festibiere-exposant-FB25-3.png","url":"https:\/\/infofestibiere.com\/quebec\/wp-content\/uploads\/sites\/2\/2025\/02\/Festibiere-exposant-FB25-3.png","name":"FBQ+ - bouffe - de Qu\u00e9bec","isPartOf":{"@id":"https:\/\/infofestibiere.com\/quebec\/#website"},"datePublished":"2025-02-11T18:42:13+00:00","dateModified":"2025-02-11T18:42:29+00:00","breadcrumb":{"@id":"https:\/\/infofestibiere.com\/quebec\/wp-content\/uploads\/sites\/2\/2025\/02\/Festibiere-exposant-FB25-3.png#breadcrumb"},"inLanguage":"fr-FR","potentialAction":[{"@type":"ReadAction","target":["https:\/\/infofestibiere.com\/quebec\/wp-content\/uploads\/sites\/2\/2025\/02\/Festibiere-exposant-FB25-3.png"]}]},{"@type":"BreadcrumbList","@id":"https:\/\/infofestibiere.com\/quebec\/wp-content\/uploads\/sites\/2\/2025\/02\/Festibiere-exposant-FB25-3.png#breadcrumb","itemListElement":[{"@type":"ListItem","position":1,"name":"Accueil","item":"https:\/\/infofestibiere.com\/quebec\/"},{"@type":"ListItem","position":2,"name":"ACCUEIL","item":"https:\/\/infofestibiere.com\/quebec\/"},{"@type":"ListItem","position":3,"name":"FBQ+ &#8211; bouffe"}]},{"@type":"WebSite","@id":"https:\/\/infofestibiere.com\/quebec\/#website","url":"https:\/\/infofestibiere.com\/quebec\/","name":"de Qu\u00e9bec","description":"Go\u00fbter l&#039;\u00e9t\u00e9!","potentialAction":[{"@type":"SearchAction","target":{"@type":"EntryPoint","urlTemplate":"https:\/\/infofestibiere.com\/quebec\/?s={search_term_string}"},"query-input":{"@type":"PropertyValueSpecification","valueRequired":true,"valueName":"search_term_string"}}],"inLanguage":"fr-FR"}]}},"description":{"rendered":"<p class=\"attachment\"><a href='https:\/\/infofestibiere.com\/quebec\/wp-content\/uploads\/sites\/2\/2025\/02\/Festibiere-exposant-FB25-3.png'><img loading=\"lazy\" decoding=\"async\" width=\"300\" height=\"180\" src=\"https:\/\/infofestibiere.com\/quebec\/wp-content\/uploads\/sites\/2\/2025\/02\/Festibiere-exposant-FB25-3-300x180.png\" class=\"attachment-medium size-medium\" alt=\"\" srcset=\"https:\/\/infofestibiere.com\/quebec\/wp-content\/uploads\/sites\/2\/2025\/02\/Festibiere-exposant-FB25-3-300x180.png 300w, https:\/\/infofestibiere.com\/quebec\/wp-content\/uploads\/sites\/2\/2025\/02\/Festibiere-exposant-FB25-3-768x461.png 768w, https:\/\/infofestibiere.com\/quebec\/wp-content\/uploads\/sites\/2\/2025\/02\/Festibiere-exposant-FB25-3-600x360.png 600w, https:\/\/infofestibiere.com\/quebec\/wp-content\/uploads\/sites\/2\/2025\/02\/Festibiere-exposant-FB25-3.png 800w\" sizes=\"auto, (max-width: 300px) 100vw, 300px\" \/><\/a><\/p>\n"},"caption":{"rendered":""},"alt_text":"","media_type":"image","mime_type":"image\/png","media_details":{"width":800,"height":480,"file":"2025\/02\/Festibiere-exposant-FB25-3.png","filesize":733283,"sizes":{"medium":{"file":"Festibiere-exposant-FB25-3-300x180.png","width":300,"height":180,"filesize":131190,"width_query":"300","height_query":"300","mime_type":"image\/png","source_url":"https:\/\/infofestibiere.com\/quebec\/wp-content\/uploads\/sites\/2\/2025\/02\/Festibiere-exposant-FB25-3-300x180.png"},"thumbnail":{"file":"Festibiere-exposant-FB25-3-150x150.png","width":150,"height":150,"filesize":58617,"width_query":"150","height_query":"150","mime_type":"image\/png","source_url":"https:\/\/infofestibiere.com\/quebec\/wp-content\/uploads\/sites\/2\/2025\/02\/Festibiere-exposant-FB25-3-150x150.png"},"medium_large":{"file":"Festibiere-exposant-FB25-3-768x461.png","width":768,"height":461,"filesize":658362,"mime_type":"image\/png","source_url":"https:\/\/infofestibiere.com\/quebec\/wp-content\/uploads\/sites\/2\/2025\/02\/Festibiere-exposant-FB25-3-768x461.png"},"gform-image-choice-sm":{"file":"Festibiere-exposant-FB25-3-300x300.png","width":300,"height":300,"filesize":202754,"mime_type":"image\/png","source_url":"https:\/\/infofestibiere.com\/quebec\/wp-content\/uploads\/sites\/2\/2025\/02\/Festibiere-exposant-FB25-3-300x300.png"},"gform-image-choice-md":{"file":"Festibiere-exposant-FB25-3-400x400.png","width":400,"height":400,"filesize":332522,"mime_type":"image\/png","source_url":"https:\/\/infofestibiere.com\/quebec\/wp-content\/uploads\/sites\/2\/2025\/02\/Festibiere-exposant-FB25-3-400x400.png"},"gform-image-choice-lg":{"file":"Festibiere-exposant-FB25-3-600x480.png","width":600,"height":480,"filesize":574684,"width_query":600,"height_query":600,"mime_type":"image\/png","source_url":"https:\/\/infofestibiere.com\/quebec\/wp-content\/uploads\/sites\/2\/2025\/02\/Festibiere-exposant-FB25-3-600x480.png"},"600x99999":{"file":"Festibiere-exposant-FB25-3-600x480.png","width":600,"height":480,"filesize":574684,"mime_type":"image\/png","source_url":"https:\/\/infofestibiere.com\/quebec\/wp-content\/uploads\/sites\/2\/2025\/02\/Festibiere-exposant-FB25-3-600x480.png"},"600x0":{"file":"Festibiere-exposant-FB25-3-600x360.png","width":600,"height":360,"filesize":439061,"mime_type":"image\/png","source_url":"https:\/\/infofestibiere.com\/quebec\/wp-content\/uploads\/sites\/2\/2025\/02\/Festibiere-exposant-FB25-3-600x360.png"},"full":{"file":"Festibiere-exposant-FB25-3.png","width":800,"height":480,"mime_type":"image\/png","source_url":"https:\/\/infofestibiere.com\/quebec\/wp-content\/uploads\/sites\/2\/2025\/02\/Festibiere-exposant-FB25-3.png"}},"image_meta":{"aperture":"0","credit":"","camera":"","caption":"","created_timestamp":"0","copyright":"","focal_length":"0","iso":"0","shutter_speed":"0","title":"","orientation":"0","keywords":[]}},"post":2,"source_url":"https:\/\/infofestibiere.com\/quebec\/wp-content\/uploads\/sites\/2\/2025\/02\/Festibiere-exposant-FB25-3.png","_links":{"self":[{"href":"https:\/\/infofestibiere.com\/quebec\/wp-json\/wp\/v2\/media\/5148","targetHints":{"allow":["GET"]}}],"collection":[{"href":"https:\/\/infofestibiere.com\/quebec\/wp-json\/wp\/v2\/media"}],"about":[{"href":"https:\/\/infofestibiere.com\/quebec\/wp-json\/wp\/v2\/types\/attachment"}],"author":[{"embeddable":true,"href":"https:\/\/infofestibiere.com\/quebec\/wp-json\/wp\/v2\/users\/2"}],"wp:attached-to":[{"embeddable":true,"post_type":"page","id":2,"href":"https:\/\/infofestibiere.com\/quebec\/wp-json\/wp\/v2\/pages\/2"}],"curies":[{"name":"wp","href":"https:\/\/api.w.org\/{rel}","templated":true}]}}

<!-- This site is optimized with the Yoast SEO plugin v27.2 - https://yoast.com/product/yoast-seo-wordpress/ -->
<title>FBQ+ - bouffe - de Québec</title>
<meta name="robots" content="index, follow, max-snippet:-1, max-image-preview:large, max-video-preview:-1" />
<link rel="canonical" href="https://infofestibiere.com/quebec/wp-content/uploads/sites/2/2025/02/Festibiere-exposant-FB25-3.png" />
<meta property="og:locale" content="fr_FR" />
<meta property="og:type" content="article" />
<meta property="og:title" content="FBQ+ - bouffe - de Québec" />
<meta property="og:url" content="https://infofestibiere.com/quebec/wp-content/uploads/sites/2/2025/02/Festibiere-exposant-FB25-3.png" />
<meta property="og:site_name" content="de Québec" />
<meta property="article:modified_time" content="2025-02-11T18:42:29+00:00" />
<meta property="og:image" content="https://infofestibiere.com/quebec/wp-content/uploads/sites/2/2025/02/Festibiere-exposant-FB25-3.png" />
	<meta property="og:image:width" content="800" />
	<meta property="og:image:height" content="480" />
	<meta property="og:image:type" content="image/png" />
<meta name="twitter:card" content="summary_large_image" />
<script type="application/ld+json" class="yoast-schema-graph">{"@context":"https://schema.org","@graph":[{"@type":"WebPage","@id":"https://infofestibiere.com/quebec/wp-content/uploads/sites/2/2025/02/Festibiere-exposant-FB25-3.png","url":"https://infofestibiere.com/quebec/wp-content/uploads/sites/2/2025/02/Festibiere-exposant-FB25-3.png","name":"FBQ+ - bouffe - de Québec","isPartOf":{"@id":"https://infofestibiere.com/quebec/#website"},"datePublished":"2025-02-11T18:42:13+00:00","dateModified":"2025-02-11T18:42:29+00:00","breadcrumb":{"@id":"https://infofestibiere.com/quebec/wp-content/uploads/sites/2/2025/02/Festibiere-exposant-FB25-3.png#breadcrumb"},"inLanguage":"fr-FR","potentialAction":[{"@type":"ReadAction","target":["https://infofestibiere.com/quebec/wp-content/uploads/sites/2/2025/02/Festibiere-exposant-FB25-3.png"]}]},{"@type":"BreadcrumbList","@id":"https://infofestibiere.com/quebec/wp-content/uploads/sites/2/2025/02/Festibiere-exposant-FB25-3.png#breadcrumb","itemListElement":[{"@type":"ListItem","position":1,"name":"Accueil","item":"https://infofestibiere.com/quebec/"},{"@type":"ListItem","position":2,"name":"ACCUEIL","item":"https://infofestibiere.com/quebec/"},{"@type":"ListItem","position":3,"name":"FBQ+ &#8211; bouffe"}]},{"@type":"WebSite","@id":"https://infofestibiere.com/quebec/#website","url":"https://infofestibiere.com/quebec/","name":"de Québec","description":"Goûter l&#039;été!","potentialAction":[{"@type":"SearchAction","target":{"@type":"EntryPoint","urlTemplate":"https://infofestibiere.com/quebec/?s={search_term_string}"},"query-input":{"@type":"PropertyValueSpecification","valueRequired":true,"valueName":"search_term_string"}}],"inLanguage":"fr-FR"}]}</script>
<!-- / Yoast SEO plugin. -->

FBQ+ - bouffe - de Québec

de Québec

Goûter l&#039;été!
