{"id":4381,"date":"2023-07-19T22:27:38","date_gmt":"2023-07-19T20:27:38","guid":{"rendered":"https:\/\/infofestibiere.com\/quebec\/wp-content\/uploads\/sites\/2\/2023\/07\/FestibiereQC-21aout-ElisabethJoly-Photographe-7K4A7408.jpg"},"modified":"2023-07-19T22:27:58","modified_gmt":"2023-07-19T20:27:58","slug":"festibiereqc-21aout-elisabethjoly-photographe-7k4a7408","status":"inherit","type":"attachment","link":"https:\/\/infofestibiere.com\/quebec\/microbrasseries\/festibiereqc-21aout-elisabethjoly-photographe-7k4a7408\/","title":{"rendered":"publebuck\u00e9-22"},"author":2,"featured_media":0,"comment_status":"open","ping_status":"closed","template":"","meta":[],"class_list":["post-4381","attachment","type-attachment","status-inherit","hentry"],"yoast_head":"<!-- This site is optimized with the Yoast SEO plugin v27.2 - https:\/\/yoast.com\/product\/yoast-seo-wordpress\/ -->\n<title>publebuck\u00e9-22 - de Qu\u00e9bec<\/title>\n<meta name=\"robots\" content=\"index, follow, max-snippet:-1, max-image-preview:large, max-video-preview:-1\" \/>\n<link rel=\"canonical\" href=\"https:\/\/infofestibiere.com\/quebec\/wp-content\/uploads\/sites\/2\/2023\/07\/FestibiereQC-21aout-ElisabethJoly-Photographe-7K4A7408.jpg\" \/>\n<meta property=\"og:locale\" content=\"fr_FR\" \/>\n<meta property=\"og:type\" content=\"article\" \/>\n<meta property=\"og:title\" content=\"publebuck\u00e9-22 - de Qu\u00e9bec\" \/>\n<meta property=\"og:url\" content=\"https:\/\/infofestibiere.com\/quebec\/wp-content\/uploads\/sites\/2\/2023\/07\/FestibiereQC-21aout-ElisabethJoly-Photographe-7K4A7408.jpg\" \/>\n<meta property=\"og:site_name\" content=\"de Qu\u00e9bec\" \/>\n<meta property=\"article:modified_time\" content=\"2023-07-19T20:27:58+00:00\" \/>\n<meta property=\"og:image\" content=\"https:\/\/infofestibiere.com\/quebec\/wp-content\/uploads\/sites\/2\/2023\/07\/FestibiereQC-21aout-ElisabethJoly-Photographe-7K4A7408.jpg\" \/>\n\t<meta property=\"og:image:width\" content=\"1568\" \/>\n\t<meta property=\"og:image:height\" content=\"1045\" \/>\n\t<meta property=\"og:image:type\" content=\"image\/jpeg\" \/>\n<meta name=\"twitter:card\" content=\"summary_large_image\" \/>\n<script type=\"application\/ld+json\" class=\"yoast-schema-graph\">{\"@context\":\"https:\/\/schema.org\",\"@graph\":[{\"@type\":\"WebPage\",\"@id\":\"https:\/\/infofestibiere.com\/quebec\/wp-content\/uploads\/sites\/2\/2023\/07\/FestibiereQC-21aout-ElisabethJoly-Photographe-7K4A7408.jpg\",\"url\":\"https:\/\/infofestibiere.com\/quebec\/wp-content\/uploads\/sites\/2\/2023\/07\/FestibiereQC-21aout-ElisabethJoly-Photographe-7K4A7408.jpg\",\"name\":\"publebuck\u00e9-22 - de Qu\u00e9bec\",\"isPartOf\":{\"@id\":\"https:\/\/infofestibiere.com\/quebec\/#website\"},\"datePublished\":\"2023-07-19T20:27:38+00:00\",\"dateModified\":\"2023-07-19T20:27:58+00:00\",\"breadcrumb\":{\"@id\":\"https:\/\/infofestibiere.com\/quebec\/wp-content\/uploads\/sites\/2\/2023\/07\/FestibiereQC-21aout-ElisabethJoly-Photographe-7K4A7408.jpg#breadcrumb\"},\"inLanguage\":\"fr-FR\",\"potentialAction\":[{\"@type\":\"ReadAction\",\"target\":[\"https:\/\/infofestibiere.com\/quebec\/wp-content\/uploads\/sites\/2\/2023\/07\/FestibiereQC-21aout-ElisabethJoly-Photographe-7K4A7408.jpg\"]}]},{\"@type\":\"BreadcrumbList\",\"@id\":\"https:\/\/infofestibiere.com\/quebec\/wp-content\/uploads\/sites\/2\/2023\/07\/FestibiereQC-21aout-ElisabethJoly-Photographe-7K4A7408.jpg#breadcrumb\",\"itemListElement\":[{\"@type\":\"ListItem\",\"position\":1,\"name\":\"Accueil\",\"item\":\"https:\/\/infofestibiere.com\/quebec\/\"},{\"@type\":\"ListItem\",\"position\":2,\"name\":\"Microbrasseries\",\"item\":\"https:\/\/infofestibiere.com\/quebec\/microbrasseries\/\"},{\"@type\":\"ListItem\",\"position\":3,\"name\":\"publebuck\u00e9-22\"}]},{\"@type\":\"WebSite\",\"@id\":\"https:\/\/infofestibiere.com\/quebec\/#website\",\"url\":\"https:\/\/infofestibiere.com\/quebec\/\",\"name\":\"de Qu\u00e9bec\",\"description\":\"Go\u00fbter l&#039;\u00e9t\u00e9!\",\"potentialAction\":[{\"@type\":\"SearchAction\",\"target\":{\"@type\":\"EntryPoint\",\"urlTemplate\":\"https:\/\/infofestibiere.com\/quebec\/?s={search_term_string}\"},\"query-input\":{\"@type\":\"PropertyValueSpecification\",\"valueRequired\":true,\"valueName\":\"search_term_string\"}}],\"inLanguage\":\"fr-FR\"}]}<\/script>\n<!-- \/ Yoast SEO plugin. -->","yoast_head_json":{"title":"publebuck\u00e9-22 - de Qu\u00e9bec","robots":{"index":"index","follow":"follow","max-snippet":"max-snippet:-1","max-image-preview":"max-image-preview:large","max-video-preview":"max-video-preview:-1"},"canonical":"https:\/\/infofestibiere.com\/quebec\/wp-content\/uploads\/sites\/2\/2023\/07\/FestibiereQC-21aout-ElisabethJoly-Photographe-7K4A7408.jpg","og_locale":"fr_FR","og_type":"article","og_title":"publebuck\u00e9-22 - de Qu\u00e9bec","og_url":"https:\/\/infofestibiere.com\/quebec\/wp-content\/uploads\/sites\/2\/2023\/07\/FestibiereQC-21aout-ElisabethJoly-Photographe-7K4A7408.jpg","og_site_name":"de Qu\u00e9bec","article_modified_time":"2023-07-19T20:27:58+00:00","og_image":[{"width":1568,"height":1045,"url":"https:\/\/infofestibiere.com\/quebec\/wp-content\/uploads\/sites\/2\/2023\/07\/FestibiereQC-21aout-ElisabethJoly-Photographe-7K4A7408.jpg","type":"image\/jpeg"}],"twitter_card":"summary_large_image","schema":{"@context":"https:\/\/schema.org","@graph":[{"@type":"WebPage","@id":"https:\/\/infofestibiere.com\/quebec\/wp-content\/uploads\/sites\/2\/2023\/07\/FestibiereQC-21aout-ElisabethJoly-Photographe-7K4A7408.jpg","url":"https:\/\/infofestibiere.com\/quebec\/wp-content\/uploads\/sites\/2\/2023\/07\/FestibiereQC-21aout-ElisabethJoly-Photographe-7K4A7408.jpg","name":"publebuck\u00e9-22 - de Qu\u00e9bec","isPartOf":{"@id":"https:\/\/infofestibiere.com\/quebec\/#website"},"datePublished":"2023-07-19T20:27:38+00:00","dateModified":"2023-07-19T20:27:58+00:00","breadcrumb":{"@id":"https:\/\/infofestibiere.com\/quebec\/wp-content\/uploads\/sites\/2\/2023\/07\/FestibiereQC-21aout-ElisabethJoly-Photographe-7K4A7408.jpg#breadcrumb"},"inLanguage":"fr-FR","potentialAction":[{"@type":"ReadAction","target":["https:\/\/infofestibiere.com\/quebec\/wp-content\/uploads\/sites\/2\/2023\/07\/FestibiereQC-21aout-ElisabethJoly-Photographe-7K4A7408.jpg"]}]},{"@type":"BreadcrumbList","@id":"https:\/\/infofestibiere.com\/quebec\/wp-content\/uploads\/sites\/2\/2023\/07\/FestibiereQC-21aout-ElisabethJoly-Photographe-7K4A7408.jpg#breadcrumb","itemListElement":[{"@type":"ListItem","position":1,"name":"Accueil","item":"https:\/\/infofestibiere.com\/quebec\/"},{"@type":"ListItem","position":2,"name":"Microbrasseries","item":"https:\/\/infofestibiere.com\/quebec\/microbrasseries\/"},{"@type":"ListItem","position":3,"name":"publebuck\u00e9-22"}]},{"@type":"WebSite","@id":"https:\/\/infofestibiere.com\/quebec\/#website","url":"https:\/\/infofestibiere.com\/quebec\/","name":"de Qu\u00e9bec","description":"Go\u00fbter l&#039;\u00e9t\u00e9!","potentialAction":[{"@type":"SearchAction","target":{"@type":"EntryPoint","urlTemplate":"https:\/\/infofestibiere.com\/quebec\/?s={search_term_string}"},"query-input":{"@type":"PropertyValueSpecification","valueRequired":true,"valueName":"search_term_string"}}],"inLanguage":"fr-FR"}]}},"description":{"rendered":"<p class=\"attachment\"><a href='https:\/\/infofestibiere.com\/quebec\/wp-content\/uploads\/sites\/2\/2023\/07\/FestibiereQC-21aout-ElisabethJoly-Photographe-7K4A7408.jpg'><img loading=\"lazy\" decoding=\"async\" width=\"300\" height=\"200\" src=\"https:\/\/infofestibiere.com\/quebec\/wp-content\/uploads\/sites\/2\/2023\/07\/FestibiereQC-21aout-ElisabethJoly-Photographe-7K4A7408-300x200.jpg\" class=\"attachment-medium size-medium\" alt=\"\" srcset=\"https:\/\/infofestibiere.com\/quebec\/wp-content\/uploads\/sites\/2\/2023\/07\/FestibiereQC-21aout-ElisabethJoly-Photographe-7K4A7408-300x200.jpg 300w, https:\/\/infofestibiere.com\/quebec\/wp-content\/uploads\/sites\/2\/2023\/07\/FestibiereQC-21aout-ElisabethJoly-Photographe-7K4A7408-1024x682.jpg 1024w, https:\/\/infofestibiere.com\/quebec\/wp-content\/uploads\/sites\/2\/2023\/07\/FestibiereQC-21aout-ElisabethJoly-Photographe-7K4A7408-768x512.jpg 768w, https:\/\/infofestibiere.com\/quebec\/wp-content\/uploads\/sites\/2\/2023\/07\/FestibiereQC-21aout-ElisabethJoly-Photographe-7K4A7408-1536x1024.jpg 1536w, https:\/\/infofestibiere.com\/quebec\/wp-content\/uploads\/sites\/2\/2023\/07\/FestibiereQC-21aout-ElisabethJoly-Photographe-7K4A7408-600x400.jpg 600w, https:\/\/infofestibiere.com\/quebec\/wp-content\/uploads\/sites\/2\/2023\/07\/FestibiereQC-21aout-ElisabethJoly-Photographe-7K4A7408.jpg 1568w\" sizes=\"auto, (max-width: 300px) 100vw, 300px\" \/><\/a><\/p>\n"},"caption":{"rendered":""},"alt_text":"","media_type":"image","mime_type":"image\/jpeg","media_details":{"width":1568,"height":1045,"file":"2023\/07\/FestibiereQC-21aout-ElisabethJoly-Photographe-7K4A7408.jpg","filesize":1047410,"sizes":{"medium":{"file":"FestibiereQC-21aout-ElisabethJoly-Photographe-7K4A7408-300x200.jpg","width":300,"height":200,"filesize":17798,"width_query":"300","height_query":"300","mime_type":"image\/jpeg","source_url":"https:\/\/infofestibiere.com\/quebec\/wp-content\/uploads\/sites\/2\/2023\/07\/FestibiereQC-21aout-ElisabethJoly-Photographe-7K4A7408-300x200.jpg"},"large":{"file":"FestibiereQC-21aout-ElisabethJoly-Photographe-7K4A7408-1024x682.jpg","width":1024,"height":682,"filesize":108187,"width_query":"1024","height_query":"1024","mime_type":"image\/jpeg","source_url":"https:\/\/infofestibiere.com\/quebec\/wp-content\/uploads\/sites\/2\/2023\/07\/FestibiereQC-21aout-ElisabethJoly-Photographe-7K4A7408-1024x682.jpg"},"thumbnail":{"file":"FestibiereQC-21aout-ElisabethJoly-Photographe-7K4A7408-150x150.jpg","width":150,"height":150,"filesize":8214,"width_query":"150","height_query":"150","mime_type":"image\/jpeg","source_url":"https:\/\/infofestibiere.com\/quebec\/wp-content\/uploads\/sites\/2\/2023\/07\/FestibiereQC-21aout-ElisabethJoly-Photographe-7K4A7408-150x150.jpg"},"medium_large":{"file":"FestibiereQC-21aout-ElisabethJoly-Photographe-7K4A7408-768x512.jpg","width":768,"height":512,"filesize":70687,"mime_type":"image\/jpeg","source_url":"https:\/\/infofestibiere.com\/quebec\/wp-content\/uploads\/sites\/2\/2023\/07\/FestibiereQC-21aout-ElisabethJoly-Photographe-7K4A7408-768x512.jpg"},"1536x1536":{"file":"FestibiereQC-21aout-ElisabethJoly-Photographe-7K4A7408-1536x1024.jpg","width":1536,"height":1024,"filesize":194967,"width_query":1536,"height_query":1536,"mime_type":"image\/jpeg","source_url":"https:\/\/infofestibiere.com\/quebec\/wp-content\/uploads\/sites\/2\/2023\/07\/FestibiereQC-21aout-ElisabethJoly-Photographe-7K4A7408-1536x1024.jpg"},"600x0":{"file":"FestibiereQC-21aout-ElisabethJoly-Photographe-7K4A7408-600x400.jpg","width":600,"height":400,"filesize":49195,"mime_type":"image\/jpeg","source_url":"https:\/\/infofestibiere.com\/quebec\/wp-content\/uploads\/sites\/2\/2023\/07\/FestibiereQC-21aout-ElisabethJoly-Photographe-7K4A7408-600x400.jpg"},"full":{"file":"FestibiereQC-21aout-ElisabethJoly-Photographe-7K4A7408.jpg","width":1568,"height":1045,"mime_type":"image\/jpeg","source_url":"https:\/\/infofestibiere.com\/quebec\/wp-content\/uploads\/sites\/2\/2023\/07\/FestibiereQC-21aout-ElisabethJoly-Photographe-7K4A7408.jpg"}},"image_meta":{"aperture":"2.8","credit":"","camera":"Canon EOS R","caption":"","created_timestamp":"1661113287","copyright":"","focal_length":"46","iso":"400","shutter_speed":"0.004","title":"","orientation":"1","keywords":[]}},"post":3216,"source_url":"https:\/\/infofestibiere.com\/quebec\/wp-content\/uploads\/sites\/2\/2023\/07\/FestibiereQC-21aout-ElisabethJoly-Photographe-7K4A7408.jpg","_links":{"self":[{"href":"https:\/\/infofestibiere.com\/quebec\/wp-json\/wp\/v2\/media\/4381","targetHints":{"allow":["GET"]}}],"collection":[{"href":"https:\/\/infofestibiere.com\/quebec\/wp-json\/wp\/v2\/media"}],"about":[{"href":"https:\/\/infofestibiere.com\/quebec\/wp-json\/wp\/v2\/types\/attachment"}],"author":[{"embeddable":true,"href":"https:\/\/infofestibiere.com\/quebec\/wp-json\/wp\/v2\/users\/2"}],"wp:attached-to":[{"embeddable":true,"post_type":"page","id":3216,"href":"https:\/\/infofestibiere.com\/quebec\/wp-json\/wp\/v2\/pages\/3216"}],"curies":[{"name":"wp","href":"https:\/\/api.w.org\/{rel}","templated":true}]}}

publebucké-22

<!-- This site is optimized with the Yoast SEO plugin v27.2 - https://yoast.com/product/yoast-seo-wordpress/ -->
<title>publebucké-22 - de Québec</title>
<meta name="robots" content="index, follow, max-snippet:-1, max-image-preview:large, max-video-preview:-1" />
<link rel="canonical" href="https://infofestibiere.com/quebec/wp-content/uploads/sites/2/2023/07/FestibiereQC-21aout-ElisabethJoly-Photographe-7K4A7408.jpg" />
<meta property="og:locale" content="fr_FR" />
<meta property="og:type" content="article" />
<meta property="og:title" content="publebucké-22 - de Québec" />
<meta property="og:url" content="https://infofestibiere.com/quebec/wp-content/uploads/sites/2/2023/07/FestibiereQC-21aout-ElisabethJoly-Photographe-7K4A7408.jpg" />
<meta property="og:site_name" content="de Québec" />
<meta property="article:modified_time" content="2023-07-19T20:27:58+00:00" />
<meta property="og:image" content="https://infofestibiere.com/quebec/wp-content/uploads/sites/2/2023/07/FestibiereQC-21aout-ElisabethJoly-Photographe-7K4A7408.jpg" />
	<meta property="og:image:width" content="1568" />
	<meta property="og:image:height" content="1045" />
	<meta property="og:image:type" content="image/jpeg" />
<meta name="twitter:card" content="summary_large_image" />
<script type="application/ld+json" class="yoast-schema-graph">{"@context":"https://schema.org","@graph":[{"@type":"WebPage","@id":"https://infofestibiere.com/quebec/wp-content/uploads/sites/2/2023/07/FestibiereQC-21aout-ElisabethJoly-Photographe-7K4A7408.jpg","url":"https://infofestibiere.com/quebec/wp-content/uploads/sites/2/2023/07/FestibiereQC-21aout-ElisabethJoly-Photographe-7K4A7408.jpg","name":"publebucké-22 - de Québec","isPartOf":{"@id":"https://infofestibiere.com/quebec/#website"},"datePublished":"2023-07-19T20:27:38+00:00","dateModified":"2023-07-19T20:27:58+00:00","breadcrumb":{"@id":"https://infofestibiere.com/quebec/wp-content/uploads/sites/2/2023/07/FestibiereQC-21aout-ElisabethJoly-Photographe-7K4A7408.jpg#breadcrumb"},"inLanguage":"fr-FR","potentialAction":[{"@type":"ReadAction","target":["https://infofestibiere.com/quebec/wp-content/uploads/sites/2/2023/07/FestibiereQC-21aout-ElisabethJoly-Photographe-7K4A7408.jpg"]}]},{"@type":"BreadcrumbList","@id":"https://infofestibiere.com/quebec/wp-content/uploads/sites/2/2023/07/FestibiereQC-21aout-ElisabethJoly-Photographe-7K4A7408.jpg#breadcrumb","itemListElement":[{"@type":"ListItem","position":1,"name":"Accueil","item":"https://infofestibiere.com/quebec/"},{"@type":"ListItem","position":2,"name":"Microbrasseries","item":"https://infofestibiere.com/quebec/microbrasseries/"},{"@type":"ListItem","position":3,"name":"publebucké-22"}]},{"@type":"WebSite","@id":"https://infofestibiere.com/quebec/#website","url":"https://infofestibiere.com/quebec/","name":"de Québec","description":"Goûter l&#039;été!","potentialAction":[{"@type":"SearchAction","target":{"@type":"EntryPoint","urlTemplate":"https://infofestibiere.com/quebec/?s={search_term_string}"},"query-input":{"@type":"PropertyValueSpecification","valueRequired":true,"valueName":"search_term_string"}}],"inLanguage":"fr-FR"}]}</script>
<!-- / Yoast SEO plugin. -->

publebucké-22 - de Québec

de Québec

Goûter l&#039;été!
