{"id":2620,"date":"2019-09-18T15:31:22","date_gmt":"2019-09-18T13:31:22","guid":{"rendered":"https:\/\/infofestibiere.com\/quebec\/wp-content\/uploads\/sites\/2\/2019\/09\/FBQ20_slider_dates_eng.jpg"},"modified":"2019-09-18T15:31:22","modified_gmt":"2019-09-18T13:31:22","slug":"fbq20_slider_dates_eng-2","status":"inherit","type":"attachment","link":"https:\/\/infofestibiere.com\/quebec\/festival-de-bieres-quebec\/fbq20_slider_dates_eng-2\/","title":{"rendered":"FBQ20_slider_dates_eng"},"author":2,"featured_media":0,"comment_status":"open","ping_status":"closed","template":"","meta":[],"class_list":["post-2620","attachment","type-attachment","status-inherit","hentry"],"yoast_head":"<!-- This site is optimized with the Yoast SEO plugin v27.2 - https:\/\/yoast.com\/product\/yoast-seo-wordpress\/ -->\n<title>FBQ20_slider_dates_eng - de Qu\u00e9bec<\/title>\n<meta name=\"robots\" content=\"index, follow, max-snippet:-1, max-image-preview:large, max-video-preview:-1\" \/>\n<link rel=\"canonical\" href=\"https:\/\/infofestibiere.com\/quebec\/wp-content\/uploads\/sites\/2\/2019\/09\/FBQ20_slider_dates_eng.jpg\" \/>\n<meta property=\"og:locale\" content=\"fr_FR\" \/>\n<meta property=\"og:type\" content=\"article\" \/>\n<meta property=\"og:title\" content=\"FBQ20_slider_dates_eng - de Qu\u00e9bec\" \/>\n<meta property=\"og:url\" content=\"https:\/\/infofestibiere.com\/quebec\/wp-content\/uploads\/sites\/2\/2019\/09\/FBQ20_slider_dates_eng.jpg\" \/>\n<meta property=\"og:site_name\" content=\"de Qu\u00e9bec\" \/>\n<meta property=\"og:image\" content=\"https:\/\/infofestibiere.com\/quebec\/wp-content\/uploads\/sites\/2\/2019\/09\/FBQ20_slider_dates_eng.jpg\" \/>\n\t<meta property=\"og:image:width\" content=\"2392\" \/>\n\t<meta property=\"og:image:height\" content=\"552\" \/>\n\t<meta property=\"og:image:type\" content=\"image\/jpeg\" \/>\n<meta name=\"twitter:card\" content=\"summary_large_image\" \/>\n<script type=\"application\/ld+json\" class=\"yoast-schema-graph\">{\"@context\":\"https:\/\/schema.org\",\"@graph\":[{\"@type\":\"WebPage\",\"@id\":\"https:\/\/infofestibiere.com\/quebec\/wp-content\/uploads\/sites\/2\/2019\/09\/FBQ20_slider_dates_eng.jpg\",\"url\":\"https:\/\/infofestibiere.com\/quebec\/wp-content\/uploads\/sites\/2\/2019\/09\/FBQ20_slider_dates_eng.jpg\",\"name\":\"FBQ20_slider_dates_eng - de Qu\u00e9bec\",\"isPartOf\":{\"@id\":\"https:\/\/infofestibiere.com\/quebec\/#website\"},\"datePublished\":\"2019-09-18T13:31:22+00:00\",\"breadcrumb\":{\"@id\":\"https:\/\/infofestibiere.com\/quebec\/wp-content\/uploads\/sites\/2\/2019\/09\/FBQ20_slider_dates_eng.jpg#breadcrumb\"},\"inLanguage\":\"fr-FR\",\"potentialAction\":[{\"@type\":\"ReadAction\",\"target\":[\"https:\/\/infofestibiere.com\/quebec\/wp-content\/uploads\/sites\/2\/2019\/09\/FBQ20_slider_dates_eng.jpg\"]}]},{\"@type\":\"BreadcrumbList\",\"@id\":\"https:\/\/infofestibiere.com\/quebec\/wp-content\/uploads\/sites\/2\/2019\/09\/FBQ20_slider_dates_eng.jpg#breadcrumb\",\"itemListElement\":[{\"@type\":\"ListItem\",\"position\":1,\"name\":\"Accueil\",\"item\":\"https:\/\/infofestibiere.com\/quebec\/\"},{\"@type\":\"ListItem\",\"position\":2,\"name\":\"ACCUEIL\",\"item\":\"https:\/\/infofestibiere.com\/quebec\/\"},{\"@type\":\"ListItem\",\"position\":3,\"name\":\"FBQ20_slider_dates_eng\"}]},{\"@type\":\"WebSite\",\"@id\":\"https:\/\/infofestibiere.com\/quebec\/#website\",\"url\":\"https:\/\/infofestibiere.com\/quebec\/\",\"name\":\"de Qu\u00e9bec\",\"description\":\"Go\u00fbter l&#039;\u00e9t\u00e9!\",\"potentialAction\":[{\"@type\":\"SearchAction\",\"target\":{\"@type\":\"EntryPoint\",\"urlTemplate\":\"https:\/\/infofestibiere.com\/quebec\/?s={search_term_string}\"},\"query-input\":{\"@type\":\"PropertyValueSpecification\",\"valueRequired\":true,\"valueName\":\"search_term_string\"}}],\"inLanguage\":\"fr-FR\"}]}<\/script>\n<!-- \/ Yoast SEO plugin. -->","yoast_head_json":{"title":"FBQ20_slider_dates_eng - de Qu\u00e9bec","robots":{"index":"index","follow":"follow","max-snippet":"max-snippet:-1","max-image-preview":"max-image-preview:large","max-video-preview":"max-video-preview:-1"},"canonical":"https:\/\/infofestibiere.com\/quebec\/wp-content\/uploads\/sites\/2\/2019\/09\/FBQ20_slider_dates_eng.jpg","og_locale":"fr_FR","og_type":"article","og_title":"FBQ20_slider_dates_eng - de Qu\u00e9bec","og_url":"https:\/\/infofestibiere.com\/quebec\/wp-content\/uploads\/sites\/2\/2019\/09\/FBQ20_slider_dates_eng.jpg","og_site_name":"de Qu\u00e9bec","og_image":[{"width":2392,"height":552,"url":"https:\/\/infofestibiere.com\/quebec\/wp-content\/uploads\/sites\/2\/2019\/09\/FBQ20_slider_dates_eng.jpg","type":"image\/jpeg"}],"twitter_card":"summary_large_image","schema":{"@context":"https:\/\/schema.org","@graph":[{"@type":"WebPage","@id":"https:\/\/infofestibiere.com\/quebec\/wp-content\/uploads\/sites\/2\/2019\/09\/FBQ20_slider_dates_eng.jpg","url":"https:\/\/infofestibiere.com\/quebec\/wp-content\/uploads\/sites\/2\/2019\/09\/FBQ20_slider_dates_eng.jpg","name":"FBQ20_slider_dates_eng - de Qu\u00e9bec","isPartOf":{"@id":"https:\/\/infofestibiere.com\/quebec\/#website"},"datePublished":"2019-09-18T13:31:22+00:00","breadcrumb":{"@id":"https:\/\/infofestibiere.com\/quebec\/wp-content\/uploads\/sites\/2\/2019\/09\/FBQ20_slider_dates_eng.jpg#breadcrumb"},"inLanguage":"fr-FR","potentialAction":[{"@type":"ReadAction","target":["https:\/\/infofestibiere.com\/quebec\/wp-content\/uploads\/sites\/2\/2019\/09\/FBQ20_slider_dates_eng.jpg"]}]},{"@type":"BreadcrumbList","@id":"https:\/\/infofestibiere.com\/quebec\/wp-content\/uploads\/sites\/2\/2019\/09\/FBQ20_slider_dates_eng.jpg#breadcrumb","itemListElement":[{"@type":"ListItem","position":1,"name":"Accueil","item":"https:\/\/infofestibiere.com\/quebec\/"},{"@type":"ListItem","position":2,"name":"ACCUEIL","item":"https:\/\/infofestibiere.com\/quebec\/"},{"@type":"ListItem","position":3,"name":"FBQ20_slider_dates_eng"}]},{"@type":"WebSite","@id":"https:\/\/infofestibiere.com\/quebec\/#website","url":"https:\/\/infofestibiere.com\/quebec\/","name":"de Qu\u00e9bec","description":"Go\u00fbter l&#039;\u00e9t\u00e9!","potentialAction":[{"@type":"SearchAction","target":{"@type":"EntryPoint","urlTemplate":"https:\/\/infofestibiere.com\/quebec\/?s={search_term_string}"},"query-input":{"@type":"PropertyValueSpecification","valueRequired":true,"valueName":"search_term_string"}}],"inLanguage":"fr-FR"}]}},"description":{"rendered":"<p class=\"attachment\"><a href='https:\/\/infofestibiere.com\/quebec\/wp-content\/uploads\/sites\/2\/2019\/09\/FBQ20_slider_dates_eng.jpg'><img loading=\"lazy\" decoding=\"async\" width=\"300\" height=\"69\" src=\"https:\/\/infofestibiere.com\/quebec\/wp-content\/uploads\/sites\/2\/2019\/09\/FBQ20_slider_dates_eng-300x69.jpg\" class=\"attachment-medium size-medium\" alt=\"\" srcset=\"https:\/\/infofestibiere.com\/quebec\/wp-content\/uploads\/sites\/2\/2019\/09\/FBQ20_slider_dates_eng-300x69.jpg 300w, https:\/\/infofestibiere.com\/quebec\/wp-content\/uploads\/sites\/2\/2019\/09\/FBQ20_slider_dates_eng-768x177.jpg 768w, https:\/\/infofestibiere.com\/quebec\/wp-content\/uploads\/sites\/2\/2019\/09\/FBQ20_slider_dates_eng-1024x236.jpg 1024w, https:\/\/infofestibiere.com\/quebec\/wp-content\/uploads\/sites\/2\/2019\/09\/FBQ20_slider_dates_eng-600x138.jpg 600w\" sizes=\"auto, (max-width: 300px) 100vw, 300px\" \/><\/a><\/p>\n"},"caption":{"rendered":""},"alt_text":"","media_type":"image","mime_type":"image\/jpeg","media_details":{"width":2392,"height":552,"file":"2019\/09\/FBQ20_slider_dates_eng.jpg","sizes":{"thumbnail":{"file":"FBQ20_slider_dates_eng-150x150.jpg","width":150,"height":150,"width_query":"150","height_query":"150","mime_type":"image\/jpeg","source_url":"https:\/\/infofestibiere.com\/quebec\/wp-content\/uploads\/sites\/2\/2019\/09\/FBQ20_slider_dates_eng-150x150.jpg"},"medium":{"file":"FBQ20_slider_dates_eng-300x69.jpg","width":300,"height":69,"width_query":"300","height_query":"300","mime_type":"image\/jpeg","source_url":"https:\/\/infofestibiere.com\/quebec\/wp-content\/uploads\/sites\/2\/2019\/09\/FBQ20_slider_dates_eng-300x69.jpg"},"medium_large":{"file":"FBQ20_slider_dates_eng-768x177.jpg","width":768,"height":177,"mime_type":"image\/jpeg","source_url":"https:\/\/infofestibiere.com\/quebec\/wp-content\/uploads\/sites\/2\/2019\/09\/FBQ20_slider_dates_eng-768x177.jpg"},"large":{"file":"FBQ20_slider_dates_eng-1024x236.jpg","width":1024,"height":236,"width_query":"1024","height_query":"1024","mime_type":"image\/jpeg","source_url":"https:\/\/infofestibiere.com\/quebec\/wp-content\/uploads\/sites\/2\/2019\/09\/FBQ20_slider_dates_eng-1024x236.jpg"},"tm-heli-post-thumb":{"file":"FBQ20_slider_dates_eng-848x450.jpg","width":848,"height":450,"mime_type":"image\/jpeg","source_url":"https:\/\/infofestibiere.com\/quebec\/wp-content\/uploads\/sites\/2\/2019\/09\/FBQ20_slider_dates_eng-848x450.jpg"},"tm-heli-small-thumb":{"file":"FBQ20_slider_dates_eng-120x90.jpg","width":120,"height":90,"mime_type":"image\/jpeg","source_url":"https:\/\/infofestibiere.com\/quebec\/wp-content\/uploads\/sites\/2\/2019\/09\/FBQ20_slider_dates_eng-120x90.jpg"},"tm-heli-medium-thumb":{"file":"FBQ20_slider_dates_eng-370x220.jpg","width":370,"height":220,"mime_type":"image\/jpeg","source_url":"https:\/\/infofestibiere.com\/quebec\/wp-content\/uploads\/sites\/2\/2019\/09\/FBQ20_slider_dates_eng-370x220.jpg"},"tm-heli-latest-thumb":{"file":"FBQ20_slider_dates_eng-620x552.jpg","width":620,"height":552,"mime_type":"image\/jpeg","source_url":"https:\/\/infofestibiere.com\/quebec\/wp-content\/uploads\/sites\/2\/2019\/09\/FBQ20_slider_dates_eng-620x552.jpg"},"tm-heli-portfolio-large":{"file":"FBQ20_slider_dates_eng-945x552.jpg","width":945,"height":552,"mime_type":"image\/jpeg","source_url":"https:\/\/infofestibiere.com\/quebec\/wp-content\/uploads\/sites\/2\/2019\/09\/FBQ20_slider_dates_eng-945x552.jpg"},"600x99999":{"file":"FBQ20_slider_dates_eng-600x552.jpg","width":600,"height":552,"filesize":63276,"mime_type":"image\/jpeg","source_url":"https:\/\/infofestibiere.com\/quebec\/wp-content\/uploads\/sites\/2\/2019\/09\/FBQ20_slider_dates_eng-600x552.jpg"},"600x0":{"file":"FBQ20_slider_dates_eng-600x138.jpg","width":600,"height":138,"filesize":22554,"mime_type":"image\/jpeg","source_url":"https:\/\/infofestibiere.com\/quebec\/wp-content\/uploads\/sites\/2\/2019\/09\/FBQ20_slider_dates_eng-600x138.jpg"},"full":{"file":"FBQ20_slider_dates_eng.jpg","width":2392,"height":552,"mime_type":"image\/jpeg","source_url":"https:\/\/infofestibiere.com\/quebec\/wp-content\/uploads\/sites\/2\/2019\/09\/FBQ20_slider_dates_eng.jpg"}},"image_meta":{"aperture":"0","credit":"","camera":"","caption":"","created_timestamp":"0","copyright":"","focal_length":"0","iso":"0","shutter_speed":"0","title":"","orientation":"0","keywords":[]}},"post":2,"source_url":"https:\/\/infofestibiere.com\/quebec\/wp-content\/uploads\/sites\/2\/2019\/09\/FBQ20_slider_dates_eng.jpg","_links":{"self":[{"href":"https:\/\/infofestibiere.com\/quebec\/wp-json\/wp\/v2\/media\/2620","targetHints":{"allow":["GET"]}}],"collection":[{"href":"https:\/\/infofestibiere.com\/quebec\/wp-json\/wp\/v2\/media"}],"about":[{"href":"https:\/\/infofestibiere.com\/quebec\/wp-json\/wp\/v2\/types\/attachment"}],"author":[{"embeddable":true,"href":"https:\/\/infofestibiere.com\/quebec\/wp-json\/wp\/v2\/users\/2"}],"wp:attached-to":[{"embeddable":true,"post_type":"page","id":2,"href":"https:\/\/infofestibiere.com\/quebec\/wp-json\/wp\/v2\/pages\/2"}],"curies":[{"name":"wp","href":"https:\/\/api.w.org\/{rel}","templated":true}]}}

<!-- This site is optimized with the Yoast SEO plugin v27.2 - https://yoast.com/product/yoast-seo-wordpress/ -->
<title>FBQ20_slider_dates_eng - de Québec</title>
<meta name="robots" content="index, follow, max-snippet:-1, max-image-preview:large, max-video-preview:-1" />
<link rel="canonical" href="https://infofestibiere.com/quebec/wp-content/uploads/sites/2/2019/09/FBQ20_slider_dates_eng.jpg" />
<meta property="og:locale" content="fr_FR" />
<meta property="og:type" content="article" />
<meta property="og:title" content="FBQ20_slider_dates_eng - de Québec" />
<meta property="og:url" content="https://infofestibiere.com/quebec/wp-content/uploads/sites/2/2019/09/FBQ20_slider_dates_eng.jpg" />
<meta property="og:site_name" content="de Québec" />
<meta property="og:image" content="https://infofestibiere.com/quebec/wp-content/uploads/sites/2/2019/09/FBQ20_slider_dates_eng.jpg" />
	<meta property="og:image:width" content="2392" />
	<meta property="og:image:height" content="552" />
	<meta property="og:image:type" content="image/jpeg" />
<meta name="twitter:card" content="summary_large_image" />
<script type="application/ld+json" class="yoast-schema-graph">{"@context":"https://schema.org","@graph":[{"@type":"WebPage","@id":"https://infofestibiere.com/quebec/wp-content/uploads/sites/2/2019/09/FBQ20_slider_dates_eng.jpg","url":"https://infofestibiere.com/quebec/wp-content/uploads/sites/2/2019/09/FBQ20_slider_dates_eng.jpg","name":"FBQ20_slider_dates_eng - de Québec","isPartOf":{"@id":"https://infofestibiere.com/quebec/#website"},"datePublished":"2019-09-18T13:31:22+00:00","breadcrumb":{"@id":"https://infofestibiere.com/quebec/wp-content/uploads/sites/2/2019/09/FBQ20_slider_dates_eng.jpg#breadcrumb"},"inLanguage":"fr-FR","potentialAction":[{"@type":"ReadAction","target":["https://infofestibiere.com/quebec/wp-content/uploads/sites/2/2019/09/FBQ20_slider_dates_eng.jpg"]}]},{"@type":"BreadcrumbList","@id":"https://infofestibiere.com/quebec/wp-content/uploads/sites/2/2019/09/FBQ20_slider_dates_eng.jpg#breadcrumb","itemListElement":[{"@type":"ListItem","position":1,"name":"Accueil","item":"https://infofestibiere.com/quebec/"},{"@type":"ListItem","position":2,"name":"ACCUEIL","item":"https://infofestibiere.com/quebec/"},{"@type":"ListItem","position":3,"name":"FBQ20_slider_dates_eng"}]},{"@type":"WebSite","@id":"https://infofestibiere.com/quebec/#website","url":"https://infofestibiere.com/quebec/","name":"de Québec","description":"Goûter l&#039;été!","potentialAction":[{"@type":"SearchAction","target":{"@type":"EntryPoint","urlTemplate":"https://infofestibiere.com/quebec/?s={search_term_string}"},"query-input":{"@type":"PropertyValueSpecification","valueRequired":true,"valueName":"search_term_string"}}],"inLanguage":"fr-FR"}]}</script>
<!-- / Yoast SEO plugin. -->

FBQ20_slider_dates_eng - de Québec

de Québec

Goûter l&#039;été!
