{"id":1877,"date":"2019-06-27T01:04:43","date_gmt":"2019-06-26T23:04:43","guid":{"rendered":"https:\/\/infofestibiere.com\/quebec\/wp-content\/uploads\/sites\/2\/2019\/06\/labete-md-couleur_1488298458.jpg"},"modified":"2019-06-27T01:04:43","modified_gmt":"2019-06-26T23:04:43","slug":"labete-md-couleur_1488298458","status":"inherit","type":"attachment","link":"https:\/\/infofestibiere.com\/quebec\/cuisine-de-rue\/labete-md-couleur_1488298458\/","title":{"rendered":"labete-md-couleur_1488298458"},"author":2,"featured_media":0,"comment_status":"open","ping_status":"closed","template":"","meta":[],"class_list":["post-1877","attachment","type-attachment","status-inherit","hentry"],"yoast_head":"<!-- This site is optimized with the Yoast SEO plugin v27.2 - https:\/\/yoast.com\/product\/yoast-seo-wordpress\/ -->\n<title>labete-md-couleur_1488298458 - de Qu\u00e9bec<\/title>\n<meta name=\"robots\" content=\"index, follow, max-snippet:-1, max-image-preview:large, max-video-preview:-1\" \/>\n<link rel=\"canonical\" href=\"https:\/\/infofestibiere.com\/quebec\/wp-content\/uploads\/sites\/2\/2019\/06\/labete-md-couleur_1488298458.jpg\" \/>\n<meta property=\"og:locale\" content=\"fr_FR\" \/>\n<meta property=\"og:type\" content=\"article\" \/>\n<meta property=\"og:title\" content=\"labete-md-couleur_1488298458 - de Qu\u00e9bec\" \/>\n<meta property=\"og:url\" content=\"https:\/\/infofestibiere.com\/quebec\/wp-content\/uploads\/sites\/2\/2019\/06\/labete-md-couleur_1488298458.jpg\" \/>\n<meta property=\"og:site_name\" content=\"de Qu\u00e9bec\" \/>\n<meta property=\"og:image\" content=\"https:\/\/infofestibiere.com\/quebec\/wp-content\/uploads\/sites\/2\/2019\/06\/labete-md-couleur_1488298458.jpg\" \/>\n\t<meta property=\"og:image:width\" content=\"600\" \/>\n\t<meta property=\"og:image:height\" content=\"600\" \/>\n\t<meta property=\"og:image:type\" content=\"image\/jpeg\" \/>\n<meta name=\"twitter:card\" content=\"summary_large_image\" \/>\n<script type=\"application\/ld+json\" class=\"yoast-schema-graph\">{\"@context\":\"https:\/\/schema.org\",\"@graph\":[{\"@type\":\"WebPage\",\"@id\":\"https:\/\/infofestibiere.com\/quebec\/wp-content\/uploads\/sites\/2\/2019\/06\/labete-md-couleur_1488298458.jpg\",\"url\":\"https:\/\/infofestibiere.com\/quebec\/wp-content\/uploads\/sites\/2\/2019\/06\/labete-md-couleur_1488298458.jpg\",\"name\":\"labete-md-couleur_1488298458 - de Qu\u00e9bec\",\"isPartOf\":{\"@id\":\"https:\/\/infofestibiere.com\/quebec\/#website\"},\"datePublished\":\"2019-06-26T23:04:43+00:00\",\"breadcrumb\":{\"@id\":\"https:\/\/infofestibiere.com\/quebec\/wp-content\/uploads\/sites\/2\/2019\/06\/labete-md-couleur_1488298458.jpg#breadcrumb\"},\"inLanguage\":\"fr-FR\",\"potentialAction\":[{\"@type\":\"ReadAction\",\"target\":[\"https:\/\/infofestibiere.com\/quebec\/wp-content\/uploads\/sites\/2\/2019\/06\/labete-md-couleur_1488298458.jpg\"]}]},{\"@type\":\"BreadcrumbList\",\"@id\":\"https:\/\/infofestibiere.com\/quebec\/wp-content\/uploads\/sites\/2\/2019\/06\/labete-md-couleur_1488298458.jpg#breadcrumb\",\"itemListElement\":[{\"@type\":\"ListItem\",\"position\":1,\"name\":\"Accueil\",\"item\":\"https:\/\/infofestibiere.com\/quebec\/\"},{\"@type\":\"ListItem\",\"position\":2,\"name\":\"Cuisine de rue\",\"item\":\"https:\/\/infofestibiere.com\/quebec\/cuisine-de-rue\/\"},{\"@type\":\"ListItem\",\"position\":3,\"name\":\"labete-md-couleur_1488298458\"}]},{\"@type\":\"WebSite\",\"@id\":\"https:\/\/infofestibiere.com\/quebec\/#website\",\"url\":\"https:\/\/infofestibiere.com\/quebec\/\",\"name\":\"de Qu\u00e9bec\",\"description\":\"Go\u00fbter l&#039;\u00e9t\u00e9!\",\"potentialAction\":[{\"@type\":\"SearchAction\",\"target\":{\"@type\":\"EntryPoint\",\"urlTemplate\":\"https:\/\/infofestibiere.com\/quebec\/?s={search_term_string}\"},\"query-input\":{\"@type\":\"PropertyValueSpecification\",\"valueRequired\":true,\"valueName\":\"search_term_string\"}}],\"inLanguage\":\"fr-FR\"}]}<\/script>\n<!-- \/ Yoast SEO plugin. -->","yoast_head_json":{"title":"labete-md-couleur_1488298458 - de Qu\u00e9bec","robots":{"index":"index","follow":"follow","max-snippet":"max-snippet:-1","max-image-preview":"max-image-preview:large","max-video-preview":"max-video-preview:-1"},"canonical":"https:\/\/infofestibiere.com\/quebec\/wp-content\/uploads\/sites\/2\/2019\/06\/labete-md-couleur_1488298458.jpg","og_locale":"fr_FR","og_type":"article","og_title":"labete-md-couleur_1488298458 - de Qu\u00e9bec","og_url":"https:\/\/infofestibiere.com\/quebec\/wp-content\/uploads\/sites\/2\/2019\/06\/labete-md-couleur_1488298458.jpg","og_site_name":"de Qu\u00e9bec","og_image":[{"width":600,"height":600,"url":"https:\/\/infofestibiere.com\/quebec\/wp-content\/uploads\/sites\/2\/2019\/06\/labete-md-couleur_1488298458.jpg","type":"image\/jpeg"}],"twitter_card":"summary_large_image","schema":{"@context":"https:\/\/schema.org","@graph":[{"@type":"WebPage","@id":"https:\/\/infofestibiere.com\/quebec\/wp-content\/uploads\/sites\/2\/2019\/06\/labete-md-couleur_1488298458.jpg","url":"https:\/\/infofestibiere.com\/quebec\/wp-content\/uploads\/sites\/2\/2019\/06\/labete-md-couleur_1488298458.jpg","name":"labete-md-couleur_1488298458 - de Qu\u00e9bec","isPartOf":{"@id":"https:\/\/infofestibiere.com\/quebec\/#website"},"datePublished":"2019-06-26T23:04:43+00:00","breadcrumb":{"@id":"https:\/\/infofestibiere.com\/quebec\/wp-content\/uploads\/sites\/2\/2019\/06\/labete-md-couleur_1488298458.jpg#breadcrumb"},"inLanguage":"fr-FR","potentialAction":[{"@type":"ReadAction","target":["https:\/\/infofestibiere.com\/quebec\/wp-content\/uploads\/sites\/2\/2019\/06\/labete-md-couleur_1488298458.jpg"]}]},{"@type":"BreadcrumbList","@id":"https:\/\/infofestibiere.com\/quebec\/wp-content\/uploads\/sites\/2\/2019\/06\/labete-md-couleur_1488298458.jpg#breadcrumb","itemListElement":[{"@type":"ListItem","position":1,"name":"Accueil","item":"https:\/\/infofestibiere.com\/quebec\/"},{"@type":"ListItem","position":2,"name":"Cuisine de rue","item":"https:\/\/infofestibiere.com\/quebec\/cuisine-de-rue\/"},{"@type":"ListItem","position":3,"name":"labete-md-couleur_1488298458"}]},{"@type":"WebSite","@id":"https:\/\/infofestibiere.com\/quebec\/#website","url":"https:\/\/infofestibiere.com\/quebec\/","name":"de Qu\u00e9bec","description":"Go\u00fbter l&#039;\u00e9t\u00e9!","potentialAction":[{"@type":"SearchAction","target":{"@type":"EntryPoint","urlTemplate":"https:\/\/infofestibiere.com\/quebec\/?s={search_term_string}"},"query-input":{"@type":"PropertyValueSpecification","valueRequired":true,"valueName":"search_term_string"}}],"inLanguage":"fr-FR"}]}},"description":{"rendered":"<p class=\"attachment\"><a href='https:\/\/infofestibiere.com\/quebec\/wp-content\/uploads\/sites\/2\/2019\/06\/labete-md-couleur_1488298458.jpg'><img loading=\"lazy\" decoding=\"async\" width=\"300\" height=\"300\" src=\"https:\/\/infofestibiere.com\/quebec\/wp-content\/uploads\/sites\/2\/2019\/06\/labete-md-couleur_1488298458-300x300.jpg\" class=\"attachment-medium size-medium\" alt=\"\" srcset=\"https:\/\/infofestibiere.com\/quebec\/wp-content\/uploads\/sites\/2\/2019\/06\/labete-md-couleur_1488298458-300x300.jpg 300w, https:\/\/infofestibiere.com\/quebec\/wp-content\/uploads\/sites\/2\/2019\/06\/labete-md-couleur_1488298458-150x150.jpg 150w, https:\/\/infofestibiere.com\/quebec\/wp-content\/uploads\/sites\/2\/2019\/06\/labete-md-couleur_1488298458.jpg 600w\" sizes=\"auto, (max-width: 300px) 100vw, 300px\" \/><\/a><\/p>\n"},"caption":{"rendered":""},"alt_text":"","media_type":"image","mime_type":"image\/jpeg","media_details":{"width":600,"height":600,"file":"2019\/06\/labete-md-couleur_1488298458.jpg","sizes":{"thumbnail":{"file":"labete-md-couleur_1488298458-150x150.jpg","width":150,"height":150,"width_query":"150","height_query":"150","mime_type":"image\/jpeg","source_url":"https:\/\/infofestibiere.com\/quebec\/wp-content\/uploads\/sites\/2\/2019\/06\/labete-md-couleur_1488298458-150x150.jpg"},"medium":{"file":"labete-md-couleur_1488298458-300x300.jpg","width":300,"height":300,"width_query":"300","height_query":"300","mime_type":"image\/jpeg","source_url":"https:\/\/infofestibiere.com\/quebec\/wp-content\/uploads\/sites\/2\/2019\/06\/labete-md-couleur_1488298458-300x300.jpg"},"tm-heli-post-thumb":{"file":"labete-md-couleur_1488298458-600x450.jpg","width":600,"height":450,"mime_type":"image\/jpeg","source_url":"https:\/\/infofestibiere.com\/quebec\/wp-content\/uploads\/sites\/2\/2019\/06\/labete-md-couleur_1488298458-600x450.jpg"},"tm-heli-small-thumb":{"file":"labete-md-couleur_1488298458-120x90.jpg","width":120,"height":90,"mime_type":"image\/jpeg","source_url":"https:\/\/infofestibiere.com\/quebec\/wp-content\/uploads\/sites\/2\/2019\/06\/labete-md-couleur_1488298458-120x90.jpg"},"tm-heli-medium-thumb":{"file":"labete-md-couleur_1488298458-370x220.jpg","width":370,"height":220,"mime_type":"image\/jpeg","source_url":"https:\/\/infofestibiere.com\/quebec\/wp-content\/uploads\/sites\/2\/2019\/06\/labete-md-couleur_1488298458-370x220.jpg"},"tm-heli-portfolio-large":{"file":"labete-md-couleur_1488298458-600x570.jpg","width":600,"height":570,"mime_type":"image\/jpeg","source_url":"https:\/\/infofestibiere.com\/quebec\/wp-content\/uploads\/sites\/2\/2019\/06\/labete-md-couleur_1488298458-600x570.jpg"},"600x99999":{"source_url":"https:\/\/infofestibiere.com\/quebec\/wp-content\/uploads\/sites\/2\/2019\/06\/labete-md-couleur_1488298458.jpg"},"600x0":{"source_url":"https:\/\/infofestibiere.com\/quebec\/wp-content\/uploads\/sites\/2\/2019\/06\/labete-md-couleur_1488298458.jpg"},"full":{"file":"labete-md-couleur_1488298458.jpg","width":600,"height":600,"mime_type":"image\/jpeg","source_url":"https:\/\/infofestibiere.com\/quebec\/wp-content\/uploads\/sites\/2\/2019\/06\/labete-md-couleur_1488298458.jpg"}},"image_meta":{"aperture":"0","credit":"","camera":"","caption":"","created_timestamp":"0","copyright":"","focal_length":"0","iso":"0","shutter_speed":"0","title":"","orientation":"0","keywords":[]}},"post":1859,"source_url":"https:\/\/infofestibiere.com\/quebec\/wp-content\/uploads\/sites\/2\/2019\/06\/labete-md-couleur_1488298458.jpg","_links":{"self":[{"href":"https:\/\/infofestibiere.com\/quebec\/wp-json\/wp\/v2\/media\/1877","targetHints":{"allow":["GET"]}}],"collection":[{"href":"https:\/\/infofestibiere.com\/quebec\/wp-json\/wp\/v2\/media"}],"about":[{"href":"https:\/\/infofestibiere.com\/quebec\/wp-json\/wp\/v2\/types\/attachment"}],"author":[{"embeddable":true,"href":"https:\/\/infofestibiere.com\/quebec\/wp-json\/wp\/v2\/users\/2"}],"wp:attached-to":[{"embeddable":true,"post_type":"page","id":1859,"href":"https:\/\/infofestibiere.com\/quebec\/wp-json\/wp\/v2\/pages\/1859"}],"curies":[{"name":"wp","href":"https:\/\/api.w.org\/{rel}","templated":true}]}}

<!-- This site is optimized with the Yoast SEO plugin v27.2 - https://yoast.com/product/yoast-seo-wordpress/ -->
<title>labete-md-couleur_1488298458 - de Québec</title>
<meta name="robots" content="index, follow, max-snippet:-1, max-image-preview:large, max-video-preview:-1" />
<link rel="canonical" href="https://infofestibiere.com/quebec/wp-content/uploads/sites/2/2019/06/labete-md-couleur_1488298458.jpg" />
<meta property="og:locale" content="fr_FR" />
<meta property="og:type" content="article" />
<meta property="og:title" content="labete-md-couleur_1488298458 - de Québec" />
<meta property="og:url" content="https://infofestibiere.com/quebec/wp-content/uploads/sites/2/2019/06/labete-md-couleur_1488298458.jpg" />
<meta property="og:site_name" content="de Québec" />
<meta property="og:image" content="https://infofestibiere.com/quebec/wp-content/uploads/sites/2/2019/06/labete-md-couleur_1488298458.jpg" />
	<meta property="og:image:width" content="600" />
	<meta property="og:image:height" content="600" />
	<meta property="og:image:type" content="image/jpeg" />
<meta name="twitter:card" content="summary_large_image" />
<script type="application/ld+json" class="yoast-schema-graph">{"@context":"https://schema.org","@graph":[{"@type":"WebPage","@id":"https://infofestibiere.com/quebec/wp-content/uploads/sites/2/2019/06/labete-md-couleur_1488298458.jpg","url":"https://infofestibiere.com/quebec/wp-content/uploads/sites/2/2019/06/labete-md-couleur_1488298458.jpg","name":"labete-md-couleur_1488298458 - de Québec","isPartOf":{"@id":"https://infofestibiere.com/quebec/#website"},"datePublished":"2019-06-26T23:04:43+00:00","breadcrumb":{"@id":"https://infofestibiere.com/quebec/wp-content/uploads/sites/2/2019/06/labete-md-couleur_1488298458.jpg#breadcrumb"},"inLanguage":"fr-FR","potentialAction":[{"@type":"ReadAction","target":["https://infofestibiere.com/quebec/wp-content/uploads/sites/2/2019/06/labete-md-couleur_1488298458.jpg"]}]},{"@type":"BreadcrumbList","@id":"https://infofestibiere.com/quebec/wp-content/uploads/sites/2/2019/06/labete-md-couleur_1488298458.jpg#breadcrumb","itemListElement":[{"@type":"ListItem","position":1,"name":"Accueil","item":"https://infofestibiere.com/quebec/"},{"@type":"ListItem","position":2,"name":"Cuisine de rue","item":"https://infofestibiere.com/quebec/cuisine-de-rue/"},{"@type":"ListItem","position":3,"name":"labete-md-couleur_1488298458"}]},{"@type":"WebSite","@id":"https://infofestibiere.com/quebec/#website","url":"https://infofestibiere.com/quebec/","name":"de Québec","description":"Goûter l&#039;été!","potentialAction":[{"@type":"SearchAction","target":{"@type":"EntryPoint","urlTemplate":"https://infofestibiere.com/quebec/?s={search_term_string}"},"query-input":{"@type":"PropertyValueSpecification","valueRequired":true,"valueName":"search_term_string"}}],"inLanguage":"fr-FR"}]}</script>
<!-- / Yoast SEO plugin. -->

labete-md-couleur_1488298458 - de Québec

de Québec

Goûter l&#039;été!
