{"id":1576,"date":"2019-06-19T16:39:59","date_gmt":"2019-06-19T14:39:59","guid":{"rendered":"https:\/\/infofestibiere.com\/quebec\/wp-content\/uploads\/sites\/2\/2019\/06\/photo_Caroline_Proulx.png"},"modified":"2019-06-19T16:39:59","modified_gmt":"2019-06-19T14:39:59","slug":"photo_caroline_proulx","status":"inherit","type":"attachment","link":"https:\/\/infofestibiere.com\/quebec\/mot-de-la-ministre\/photo_caroline_proulx\/","title":{"rendered":"photo_Caroline_Proulx"},"author":2,"featured_media":0,"comment_status":"open","ping_status":"closed","template":"","meta":[],"class_list":["post-1576","attachment","type-attachment","status-inherit","hentry"],"yoast_head":"<!-- This site is optimized with the Yoast SEO plugin v27.2 - https:\/\/yoast.com\/product\/yoast-seo-wordpress\/ -->\n<title>photo_Caroline_Proulx - de Qu\u00e9bec<\/title>\n<meta name=\"robots\" content=\"index, follow, max-snippet:-1, max-image-preview:large, max-video-preview:-1\" \/>\n<link rel=\"canonical\" href=\"https:\/\/infofestibiere.com\/quebec\/wp-content\/uploads\/sites\/2\/2019\/06\/photo_Caroline_Proulx.png\" \/>\n<meta property=\"og:locale\" content=\"fr_FR\" \/>\n<meta property=\"og:type\" content=\"article\" \/>\n<meta property=\"og:title\" content=\"photo_Caroline_Proulx - de Qu\u00e9bec\" \/>\n<meta property=\"og:url\" content=\"https:\/\/infofestibiere.com\/quebec\/wp-content\/uploads\/sites\/2\/2019\/06\/photo_Caroline_Proulx.png\" \/>\n<meta property=\"og:site_name\" content=\"de Qu\u00e9bec\" \/>\n<meta property=\"og:image\" content=\"https:\/\/infofestibiere.com\/quebec\/wp-content\/uploads\/sites\/2\/2019\/06\/photo_Caroline_Proulx.png\" \/>\n\t<meta property=\"og:image:width\" content=\"1150\" \/>\n\t<meta property=\"og:image:height\" content=\"1168\" \/>\n\t<meta property=\"og:image:type\" content=\"image\/png\" \/>\n<meta name=\"twitter:card\" content=\"summary_large_image\" \/>\n<script type=\"application\/ld+json\" class=\"yoast-schema-graph\">{\"@context\":\"https:\/\/schema.org\",\"@graph\":[{\"@type\":\"WebPage\",\"@id\":\"https:\/\/infofestibiere.com\/quebec\/wp-content\/uploads\/sites\/2\/2019\/06\/photo_Caroline_Proulx.png\",\"url\":\"https:\/\/infofestibiere.com\/quebec\/wp-content\/uploads\/sites\/2\/2019\/06\/photo_Caroline_Proulx.png\",\"name\":\"photo_Caroline_Proulx - de Qu\u00e9bec\",\"isPartOf\":{\"@id\":\"https:\/\/infofestibiere.com\/quebec\/#website\"},\"datePublished\":\"2019-06-19T14:39:59+00:00\",\"breadcrumb\":{\"@id\":\"https:\/\/infofestibiere.com\/quebec\/wp-content\/uploads\/sites\/2\/2019\/06\/photo_Caroline_Proulx.png#breadcrumb\"},\"inLanguage\":\"fr-FR\",\"potentialAction\":[{\"@type\":\"ReadAction\",\"target\":[\"https:\/\/infofestibiere.com\/quebec\/wp-content\/uploads\/sites\/2\/2019\/06\/photo_Caroline_Proulx.png\"]}]},{\"@type\":\"BreadcrumbList\",\"@id\":\"https:\/\/infofestibiere.com\/quebec\/wp-content\/uploads\/sites\/2\/2019\/06\/photo_Caroline_Proulx.png#breadcrumb\",\"itemListElement\":[{\"@type\":\"ListItem\",\"position\":1,\"name\":\"Accueil\",\"item\":\"https:\/\/infofestibiere.com\/quebec\/\"},{\"@type\":\"ListItem\",\"position\":2,\"name\":\"Gouvernement du Quebec\",\"item\":\"https:\/\/infofestibiere.com\/quebec\/mot-de-la-ministre\/\"},{\"@type\":\"ListItem\",\"position\":3,\"name\":\"photo_Caroline_Proulx\"}]},{\"@type\":\"WebSite\",\"@id\":\"https:\/\/infofestibiere.com\/quebec\/#website\",\"url\":\"https:\/\/infofestibiere.com\/quebec\/\",\"name\":\"de Qu\u00e9bec\",\"description\":\"Go\u00fbter l&#039;\u00e9t\u00e9!\",\"potentialAction\":[{\"@type\":\"SearchAction\",\"target\":{\"@type\":\"EntryPoint\",\"urlTemplate\":\"https:\/\/infofestibiere.com\/quebec\/?s={search_term_string}\"},\"query-input\":{\"@type\":\"PropertyValueSpecification\",\"valueRequired\":true,\"valueName\":\"search_term_string\"}}],\"inLanguage\":\"fr-FR\"}]}<\/script>\n<!-- \/ Yoast SEO plugin. -->","yoast_head_json":{"title":"photo_Caroline_Proulx - de Qu\u00e9bec","robots":{"index":"index","follow":"follow","max-snippet":"max-snippet:-1","max-image-preview":"max-image-preview:large","max-video-preview":"max-video-preview:-1"},"canonical":"https:\/\/infofestibiere.com\/quebec\/wp-content\/uploads\/sites\/2\/2019\/06\/photo_Caroline_Proulx.png","og_locale":"fr_FR","og_type":"article","og_title":"photo_Caroline_Proulx - de Qu\u00e9bec","og_url":"https:\/\/infofestibiere.com\/quebec\/wp-content\/uploads\/sites\/2\/2019\/06\/photo_Caroline_Proulx.png","og_site_name":"de Qu\u00e9bec","og_image":[{"width":1150,"height":1168,"url":"https:\/\/infofestibiere.com\/quebec\/wp-content\/uploads\/sites\/2\/2019\/06\/photo_Caroline_Proulx.png","type":"image\/png"}],"twitter_card":"summary_large_image","schema":{"@context":"https:\/\/schema.org","@graph":[{"@type":"WebPage","@id":"https:\/\/infofestibiere.com\/quebec\/wp-content\/uploads\/sites\/2\/2019\/06\/photo_Caroline_Proulx.png","url":"https:\/\/infofestibiere.com\/quebec\/wp-content\/uploads\/sites\/2\/2019\/06\/photo_Caroline_Proulx.png","name":"photo_Caroline_Proulx - de Qu\u00e9bec","isPartOf":{"@id":"https:\/\/infofestibiere.com\/quebec\/#website"},"datePublished":"2019-06-19T14:39:59+00:00","breadcrumb":{"@id":"https:\/\/infofestibiere.com\/quebec\/wp-content\/uploads\/sites\/2\/2019\/06\/photo_Caroline_Proulx.png#breadcrumb"},"inLanguage":"fr-FR","potentialAction":[{"@type":"ReadAction","target":["https:\/\/infofestibiere.com\/quebec\/wp-content\/uploads\/sites\/2\/2019\/06\/photo_Caroline_Proulx.png"]}]},{"@type":"BreadcrumbList","@id":"https:\/\/infofestibiere.com\/quebec\/wp-content\/uploads\/sites\/2\/2019\/06\/photo_Caroline_Proulx.png#breadcrumb","itemListElement":[{"@type":"ListItem","position":1,"name":"Accueil","item":"https:\/\/infofestibiere.com\/quebec\/"},{"@type":"ListItem","position":2,"name":"Gouvernement du Quebec","item":"https:\/\/infofestibiere.com\/quebec\/mot-de-la-ministre\/"},{"@type":"ListItem","position":3,"name":"photo_Caroline_Proulx"}]},{"@type":"WebSite","@id":"https:\/\/infofestibiere.com\/quebec\/#website","url":"https:\/\/infofestibiere.com\/quebec\/","name":"de Qu\u00e9bec","description":"Go\u00fbter l&#039;\u00e9t\u00e9!","potentialAction":[{"@type":"SearchAction","target":{"@type":"EntryPoint","urlTemplate":"https:\/\/infofestibiere.com\/quebec\/?s={search_term_string}"},"query-input":{"@type":"PropertyValueSpecification","valueRequired":true,"valueName":"search_term_string"}}],"inLanguage":"fr-FR"}]}},"description":{"rendered":"<p class=\"attachment\"><a href='https:\/\/infofestibiere.com\/quebec\/wp-content\/uploads\/sites\/2\/2019\/06\/photo_Caroline_Proulx.png'><img loading=\"lazy\" decoding=\"async\" width=\"295\" height=\"300\" src=\"https:\/\/infofestibiere.com\/quebec\/wp-content\/uploads\/sites\/2\/2019\/06\/photo_Caroline_Proulx-295x300.png\" class=\"attachment-medium size-medium\" alt=\"\" srcset=\"https:\/\/infofestibiere.com\/quebec\/wp-content\/uploads\/sites\/2\/2019\/06\/photo_Caroline_Proulx-295x300.png 295w, https:\/\/infofestibiere.com\/quebec\/wp-content\/uploads\/sites\/2\/2019\/06\/photo_Caroline_Proulx-768x780.png 768w, https:\/\/infofestibiere.com\/quebec\/wp-content\/uploads\/sites\/2\/2019\/06\/photo_Caroline_Proulx-1008x1024.png 1008w, https:\/\/infofestibiere.com\/quebec\/wp-content\/uploads\/sites\/2\/2019\/06\/photo_Caroline_Proulx-600x609.png 600w, https:\/\/infofestibiere.com\/quebec\/wp-content\/uploads\/sites\/2\/2019\/06\/photo_Caroline_Proulx.png 1150w\" sizes=\"auto, (max-width: 295px) 100vw, 295px\" \/><\/a><\/p>\n"},"caption":{"rendered":""},"alt_text":"","media_type":"image","mime_type":"image\/png","media_details":{"width":1150,"height":1168,"file":"2019\/06\/photo_Caroline_Proulx.png","sizes":{"thumbnail":{"file":"photo_Caroline_Proulx-150x150.png","width":150,"height":150,"width_query":"150","height_query":"150","mime_type":"image\/png","source_url":"https:\/\/infofestibiere.com\/quebec\/wp-content\/uploads\/sites\/2\/2019\/06\/photo_Caroline_Proulx-150x150.png"},"medium":{"file":"photo_Caroline_Proulx-295x300.png","width":295,"height":300,"width_query":"300","height_query":"300","mime_type":"image\/png","source_url":"https:\/\/infofestibiere.com\/quebec\/wp-content\/uploads\/sites\/2\/2019\/06\/photo_Caroline_Proulx-295x300.png"},"medium_large":{"file":"photo_Caroline_Proulx-768x780.png","width":768,"height":780,"mime_type":"image\/png","source_url":"https:\/\/infofestibiere.com\/quebec\/wp-content\/uploads\/sites\/2\/2019\/06\/photo_Caroline_Proulx-768x780.png"},"large":{"file":"photo_Caroline_Proulx-1008x1024.png","width":1008,"height":1024,"width_query":"1024","height_query":"1024","mime_type":"image\/png","source_url":"https:\/\/infofestibiere.com\/quebec\/wp-content\/uploads\/sites\/2\/2019\/06\/photo_Caroline_Proulx-1008x1024.png"},"tm-heli-post-thumb":{"file":"photo_Caroline_Proulx-848x450.png","width":848,"height":450,"mime_type":"image\/png","source_url":"https:\/\/infofestibiere.com\/quebec\/wp-content\/uploads\/sites\/2\/2019\/06\/photo_Caroline_Proulx-848x450.png"},"tm-heli-small-thumb":{"file":"photo_Caroline_Proulx-120x90.png","width":120,"height":90,"mime_type":"image\/png","source_url":"https:\/\/infofestibiere.com\/quebec\/wp-content\/uploads\/sites\/2\/2019\/06\/photo_Caroline_Proulx-120x90.png"},"tm-heli-medium-thumb":{"file":"photo_Caroline_Proulx-370x220.png","width":370,"height":220,"mime_type":"image\/png","source_url":"https:\/\/infofestibiere.com\/quebec\/wp-content\/uploads\/sites\/2\/2019\/06\/photo_Caroline_Proulx-370x220.png"},"tm-heli-latest-thumb":{"file":"photo_Caroline_Proulx-620x620.png","width":620,"height":620,"mime_type":"image\/png","source_url":"https:\/\/infofestibiere.com\/quebec\/wp-content\/uploads\/sites\/2\/2019\/06\/photo_Caroline_Proulx-620x620.png"},"tm-heli-portfolio-large":{"file":"photo_Caroline_Proulx-945x570.png","width":945,"height":570,"mime_type":"image\/png","source_url":"https:\/\/infofestibiere.com\/quebec\/wp-content\/uploads\/sites\/2\/2019\/06\/photo_Caroline_Proulx-945x570.png"},"600x99999":{"file":"photo_Caroline_Proulx-600x1168.png","width":600,"height":1168,"filesize":998649,"mime_type":"image\/png","source_url":"https:\/\/infofestibiere.com\/quebec\/wp-content\/uploads\/sites\/2\/2019\/06\/photo_Caroline_Proulx-600x1168.png"},"600x0":{"file":"photo_Caroline_Proulx-600x609.png","width":600,"height":609,"filesize":386229,"mime_type":"image\/png","source_url":"https:\/\/infofestibiere.com\/quebec\/wp-content\/uploads\/sites\/2\/2019\/06\/photo_Caroline_Proulx-600x609.png"},"full":{"file":"photo_Caroline_Proulx.png","width":1150,"height":1168,"mime_type":"image\/png","source_url":"https:\/\/infofestibiere.com\/quebec\/wp-content\/uploads\/sites\/2\/2019\/06\/photo_Caroline_Proulx.png"}},"image_meta":{"aperture":"0","credit":"","camera":"","caption":"","created_timestamp":"0","copyright":"","focal_length":"0","iso":"0","shutter_speed":"0","title":"","orientation":"0","keywords":[]}},"post":1570,"source_url":"https:\/\/infofestibiere.com\/quebec\/wp-content\/uploads\/sites\/2\/2019\/06\/photo_Caroline_Proulx.png","_links":{"self":[{"href":"https:\/\/infofestibiere.com\/quebec\/wp-json\/wp\/v2\/media\/1576","targetHints":{"allow":["GET"]}}],"collection":[{"href":"https:\/\/infofestibiere.com\/quebec\/wp-json\/wp\/v2\/media"}],"about":[{"href":"https:\/\/infofestibiere.com\/quebec\/wp-json\/wp\/v2\/types\/attachment"}],"author":[{"embeddable":true,"href":"https:\/\/infofestibiere.com\/quebec\/wp-json\/wp\/v2\/users\/2"}],"wp:attached-to":[{"embeddable":true,"post_type":"page","id":1570,"href":"https:\/\/infofestibiere.com\/quebec\/wp-json\/wp\/v2\/pages\/1570"}],"curies":[{"name":"wp","href":"https:\/\/api.w.org\/{rel}","templated":true}]}}

<!-- This site is optimized with the Yoast SEO plugin v27.2 - https://yoast.com/product/yoast-seo-wordpress/ -->
<title>photo_Caroline_Proulx - de Québec</title>
<meta name="robots" content="index, follow, max-snippet:-1, max-image-preview:large, max-video-preview:-1" />
<link rel="canonical" href="https://infofestibiere.com/quebec/wp-content/uploads/sites/2/2019/06/photo_Caroline_Proulx.png" />
<meta property="og:locale" content="fr_FR" />
<meta property="og:type" content="article" />
<meta property="og:title" content="photo_Caroline_Proulx - de Québec" />
<meta property="og:url" content="https://infofestibiere.com/quebec/wp-content/uploads/sites/2/2019/06/photo_Caroline_Proulx.png" />
<meta property="og:site_name" content="de Québec" />
<meta property="og:image" content="https://infofestibiere.com/quebec/wp-content/uploads/sites/2/2019/06/photo_Caroline_Proulx.png" />
	<meta property="og:image:width" content="1150" />
	<meta property="og:image:height" content="1168" />
	<meta property="og:image:type" content="image/png" />
<meta name="twitter:card" content="summary_large_image" />
<script type="application/ld+json" class="yoast-schema-graph">{"@context":"https://schema.org","@graph":[{"@type":"WebPage","@id":"https://infofestibiere.com/quebec/wp-content/uploads/sites/2/2019/06/photo_Caroline_Proulx.png","url":"https://infofestibiere.com/quebec/wp-content/uploads/sites/2/2019/06/photo_Caroline_Proulx.png","name":"photo_Caroline_Proulx - de Québec","isPartOf":{"@id":"https://infofestibiere.com/quebec/#website"},"datePublished":"2019-06-19T14:39:59+00:00","breadcrumb":{"@id":"https://infofestibiere.com/quebec/wp-content/uploads/sites/2/2019/06/photo_Caroline_Proulx.png#breadcrumb"},"inLanguage":"fr-FR","potentialAction":[{"@type":"ReadAction","target":["https://infofestibiere.com/quebec/wp-content/uploads/sites/2/2019/06/photo_Caroline_Proulx.png"]}]},{"@type":"BreadcrumbList","@id":"https://infofestibiere.com/quebec/wp-content/uploads/sites/2/2019/06/photo_Caroline_Proulx.png#breadcrumb","itemListElement":[{"@type":"ListItem","position":1,"name":"Accueil","item":"https://infofestibiere.com/quebec/"},{"@type":"ListItem","position":2,"name":"Gouvernement du Quebec","item":"https://infofestibiere.com/quebec/mot-de-la-ministre/"},{"@type":"ListItem","position":3,"name":"photo_Caroline_Proulx"}]},{"@type":"WebSite","@id":"https://infofestibiere.com/quebec/#website","url":"https://infofestibiere.com/quebec/","name":"de Québec","description":"Goûter l&#039;été!","potentialAction":[{"@type":"SearchAction","target":{"@type":"EntryPoint","urlTemplate":"https://infofestibiere.com/quebec/?s={search_term_string}"},"query-input":{"@type":"PropertyValueSpecification","valueRequired":true,"valueName":"search_term_string"}}],"inLanguage":"fr-FR"}]}</script>
<!-- / Yoast SEO plugin. -->

photo_Caroline_Proulx - de Québec

de Québec

Goûter l&#039;été!
